CRAN Package Check Results for Package ivdesc

Last updated on 2023-10-02 05:58:00 CEST.

Flavor Version Tinstall Tcheck Ttotal Status Flags
r-devel-linux-x86_64-debian-clang 1.1.1 6.22 51.28 57.50 OK
r-devel-linux-x86_64-debian-gcc 1.1.1 4.20 38.61 42.81 OK
r-devel-linux-x86_64-fedora-clang 1.1.1 68.82 NOTE
r-devel-linux-x86_64-fedora-gcc 1.1.1 66.75 OK
r-devel-windows-x86_64 1.1.1 7.00 56.00 63.00 OK
r-patched-linux-x86_64 1.1.1 3.88 47.88 51.76 OK
r-release-linux-x86_64 1.1.1 4.72 47.75 52.47 OK
r-release-macos-arm64 1.1.1 24.00 OK
r-release-macos-x86_64 1.1.1 33.00 OK
r-release-windows-x86_64 1.1.1 10.00 63.00 73.00 OK
r-oldrel-macos-arm64 1.1.1 27.00 OK
r-oldrel-macos-x86_64 1.1.1 36.00 OK
r-oldrel-windows-x86_64 1.1.1 9.00 67.00 76.00 OK

Check Details

Version: 1.1.1
Check: Rd cross-references
Result: NOTE
    Undeclared package ‘AER’ in Rd xrefs
Flavor: r-devel-linux-x86_64-fedora-clang