CRAN Package Check Results for Package isoreader

Last updated on 2021-10-17 08:50:40 CEST.

Flavor Version Tinstall Tcheck Ttotal Status Flags
r-devel-linux-x86_64-debian-clang 1.3.0 15.23 286.25 301.48 NOTE
r-devel-linux-x86_64-debian-gcc 1.3.1 13.05 196.49 209.54 OK
r-devel-linux-x86_64-fedora-clang 1.3.1 338.11 OK
r-devel-linux-x86_64-fedora-gcc 1.3.1 342.35 OK
r-devel-windows-x86_64 1.3.0 29.00 308.00 337.00 WARN
r-devel-windows-x86_64-gcc10-UCRT 1.3.0 NOTE
r-patched-linux-x86_64 1.3.0 23.30 272.08 295.38 NOTE
r-patched-solaris-x86 1.3.1 406.50 NOTE
r-release-linux-x86_64 1.3.1 13.69 245.48 259.17 OK
r-release-macos-arm64 1.3.0 NOTE
r-release-macos-x86_64 1.3.0 NOTE
r-release-windows-ix86+x86_64 1.3.0 45.00 322.00 367.00 NOTE
r-oldrel-macos-x86_64 1.3.0 OK
r-oldrel-windows-ix86+x86_64 1.3.0 34.00 377.00 411.00 OK

Check Details

Version: 1.3.0
Check: LazyData
Result: NOTE
     'LazyData' is specified without a 'data' directory
Flavors: r-devel-linux-x86_64-debian-clang, r-devel-windows-x86_64, r-devel-windows-x86_64-gcc10-UCRT, r-patched-linux-x86_64, r-release-macos-arm64, r-release-macos-x86_64, r-release-windows-ix86+x86_64

Version: 1.3.0
Check: re-building of vignette outputs
Result: WARN
    Error(s) in re-building vignettes:
    --- re-building 'continuous_flow.Rmd' using rmarkdown
    
    Attaching package: 'isoreader'
    
    The following object is masked from 'package:stats':
    
     filter
    
    --- finished re-building 'continuous_flow.Rmd'
    
    --- re-building 'development.Rmd' using rmarkdown
    --- finished re-building 'development.Rmd'
    
    --- re-building 'dual_inlet.Rmd' using rmarkdown
    --- finished re-building 'dual_inlet.Rmd'
    
    --- re-building 'operations.Rmd' using rmarkdown
    --- finished re-building 'operations.Rmd'
    
    --- re-building 'quick_start.Rmd' using rmarkdown
    Info: caching turned off
Flavor: r-devel-windows-x86_64

Version: 1.3.1
Check: installed package size
Result: NOTE
     installed size is 5.3Mb
     sub-directories of 1Mb or more:
     extdata 3.4Mb
Flavor: r-patched-solaris-x86