CRAN Package Check Results for Package isocountry

Last updated on 2024-07-24 17:58:45 CEST.

Flavor Version Tinstall Tcheck Ttotal Status Flags
r-devel-linux-x86_64-debian-clang 0.2.0 2.91 35.44 38.35 OK
r-devel-linux-x86_64-debian-gcc 0.2.0 3.11 27.36 30.47 OK
r-devel-linux-x86_64-fedora-clang 0.2.0 50.49 NOTE
r-devel-linux-x86_64-fedora-gcc 0.2.0 47.37 NOTE
r-devel-windows-x86_64 0.2.0 5.00 48.00 53.00 OK
r-patched-linux-x86_64 0.2.0 3.52 34.43 37.95 OK
r-release-linux-x86_64 0.2.0 3.44 34.15 37.59 OK
r-release-macos-arm64 0.2.0 19.00 OK
r-release-macos-x86_64 0.2.0 28.00 OK
r-release-windows-x86_64 0.2.0 4.00 48.00 52.00 OK
r-oldrel-macos-arm64 0.2.0 24.00 OK
r-oldrel-macos-x86_64 0.2.0 41.00 OK
r-oldrel-windows-x86_64 0.2.0 5.00 52.00 57.00 OK

Check Details

Version: 0.2.0
Check: data for non-ASCII characters
Result: NOTE Note: found 12 marked UTF-8 strings Flavors: r-devel-linux-x86_64-fedora-clang, r-devel-linux-x86_64-fedora-gcc