CRAN Package Check Results for Package isocalcR

Last updated on 2021-12-05 22:48:55 CET.

Flavor Version Tinstall Tcheck Ttotal Status Flags
r-devel-linux-x86_64-debian-clang 0.0.2 2.13 32.75 34.88 OK
r-devel-linux-x86_64-debian-gcc 0.0.2 1.74 26.16 27.90 OK
r-devel-linux-x86_64-fedora-clang 0.0.2 44.50 NOTE
r-devel-linux-x86_64-fedora-gcc 0.0.2 32.88 NOTE
r-devel-windows-x86_64-new-UL 0.0.2 8.00 65.00 73.00 OK
r-devel-windows-x86_64-new-TK 0.0.2 NOTE
r-devel-windows-x86_64-old 0.0.2 4.00 37.00 41.00 OK
r-patched-linux-x86_64 0.0.2 2.32 23.08 25.40 OK
r-release-linux-x86_64 0.0.2 2.19 31.09 33.28 OK
r-release-macos-arm64 0.0.2 NOTE
r-release-macos-x86_64 0.0.2 NOTE
r-release-windows-ix86+x86_64 0.0.2 6.00 44.00 50.00 OK
r-oldrel-macos-x86_64 0.0.2 NOTE
r-oldrel-windows-ix86+x86_64 0.0.2 6.00 42.00 48.00 OK

Check Details

Version: 0.0.2
Check: dependencies in R code
Result: NOTE
    Namespace in Imports field not imported from: ‘dplyr’
     All declared Imports should be used.
Flavors: r-devel-linux-x86_64-fedora-clang, r-devel-linux-x86_64-fedora-gcc, r-devel-windows-x86_64-new-TK, r-release-macos-arm64, r-release-macos-x86_64, r-oldrel-macos-x86_64