CRAN Package Check Results for Package isoband

Last updated on 2020-06-04 15:49:13 CEST.

Flavor Version Tinstall Tcheck Ttotal Status Flags
r-devel-linux-x86_64-debian-clang 0.2.1 82.91 50.63 133.54 OK
r-devel-linux-x86_64-debian-gcc 0.2.1 65.25 37.98 103.23 OK
r-devel-linux-x86_64-fedora-clang 0.2.1 221.10 NOTE
r-devel-linux-x86_64-fedora-gcc 0.2.1 178.91 OK
r-devel-windows-ix86+x86_64 0.2.1 200.00 126.00 326.00 NOTE
r-patched-linux-x86_64 0.2.1 69.36 48.39 117.75 OK
r-patched-solaris-x86 0.2.1 138.20 OK
r-release-linux-x86_64 0.2.1 73.04 49.15 122.19 OK
r-release-osx-x86_64 0.2.1 NOTE
r-release-windows-ix86+x86_64 0.2.1 148.00 90.00 238.00 NOTE
r-oldrel-osx-x86_64 0.2.1 NOTE
r-oldrel-windows-ix86+x86_64 0.2.1 194.00 121.00 315.00 NOTE

Check Details

Version: 0.2.1
Check: installed package size
Result: NOTE
     installed size is 11.0Mb
     sub-directories of 1Mb or more:
     doc 1.1Mb
     libs 8.2Mb
Flavors: r-devel-linux-x86_64-fedora-clang, r-devel-windows-ix86+x86_64, r-release-osx-x86_64, r-release-windows-ix86+x86_64, r-oldrel-osx-x86_64, r-oldrel-windows-ix86+x86_64