CRAN Package Check Results for Package isoband

Last updated on 2019-11-14 09:49:32 CET.

Flavor Version Tinstall Tcheck Ttotal Status Flags
r-devel-linux-x86_64-debian-clang 0.2.0 71.25 49.37 120.62 OK
r-devel-linux-x86_64-debian-gcc 0.2.0 62.22 39.45 101.67 OK
r-devel-linux-x86_64-fedora-clang 0.2.0 202.94 NOTE
r-devel-linux-x86_64-fedora-gcc 0.2.0 173.04 OK
r-devel-windows-ix86+x86_64 0.2.0 195.00 123.00 318.00 OK
r-patched-linux-x86_64 0.2.0 62.20 48.21 110.41 OK
r-patched-solaris-x86 0.2.0 137.00 OK
r-release-linux-x86_64 0.2.0 61.65 48.14 109.79 OK
r-release-windows-ix86+x86_64 0.2.0 157.00 130.00 287.00 OK
r-release-osx-x86_64 0.2.0 NOTE
r-oldrel-windows-ix86+x86_64 0.2.0 135.00 110.00 245.00 OK
r-oldrel-osx-x86_64 0.2.0 NOTE

Check Details

Version: 0.2.0
Check: installed package size
Result: NOTE
     installed size is 9.6Mb
     sub-directories of 1Mb or more:
     doc 1.1Mb
     libs 7.3Mb
Flavors: r-devel-linux-x86_64-fedora-clang, r-release-osx-x86_64, r-oldrel-osx-x86_64