CRAN Package Check Results for Package islasso

Last updated on 2022-11-28 23:53:23 CET.

Flavor Version Tinstall Tcheck Ttotal Status Flags
r-devel-linux-x86_64-debian-clang 1.4.3 17.27 284.32 301.59 WARN
r-devel-linux-x86_64-debian-gcc 1.4.3 12.44 221.92 234.36 WARN
r-devel-linux-x86_64-fedora-clang 1.4.3 375.51 WARN
r-devel-linux-x86_64-fedora-gcc 1.4.3 377.47 WARN
r-devel-windows-x86_64 1.4.3 52.00 342.00 394.00 OK
r-patched-linux-x86_64 1.4.3 15.58 285.83 301.41 OK
r-release-linux-x86_64 1.4.3 14.63 273.89 288.52 OK
r-release-macos-arm64 1.4.3 153.00 OK
r-release-macos-x86_64 1.4.3 158.00 OK
r-release-windows-x86_64 1.4.3 207.00 345.00 552.00 OK
r-oldrel-macos-arm64 1.4.3 153.00 OK
r-oldrel-macos-x86_64 1.4.3 139.00 OK
r-oldrel-windows-ix86+x86_64 1.4.3 37.00 366.00 403.00 OK

Check Details

Version: 1.4.3
Check: whether package can be installed
Result: WARN
    Found the following significant warnings:
     trace_islasso.c:39:31: warning: a function declaration without a prototype is deprecated in all versions of C [-Wstrict-prototypes]
Flavors: r-devel-linux-x86_64-debian-clang, r-devel-linux-x86_64-fedora-clang

Version: 1.4.3
Check: whether package can be installed
Result: WARN
    Found the following significant warnings:
     trace_islasso.c:39:14: warning: function declaration isn’t a prototype [-Wstrict-prototypes]
Flavors: r-devel-linux-x86_64-debian-gcc, r-devel-linux-x86_64-fedora-gcc