CRAN Package Check Results for Package isdparser

Last updated on 2022-12-08 19:49:38 CET.

Flavor Version Tinstall Tcheck Ttotal Status Flags
r-devel-linux-x86_64-debian-clang 0.4.0 5.28 85.73 91.01 OK
r-devel-linux-x86_64-debian-gcc 0.4.0 2.98 61.66 64.64 OK
r-devel-linux-x86_64-fedora-clang 0.4.0 119.43 NOTE
r-devel-linux-x86_64-fedora-gcc 0.4.0 125.05 NOTE
r-devel-windows-x86_64 0.4.0 51.00 110.00 161.00 OK
r-patched-linux-x86_64 0.4.0 5.70 79.65 85.35 OK
r-release-linux-x86_64 0.4.0 4.51 76.88 81.39 OK
r-release-macos-arm64 0.4.0 29.00 NOTE
r-release-macos-x86_64 0.4.0 46.00 NOTE
r-release-windows-x86_64 0.4.0 53.00 118.00 171.00 OK
r-oldrel-macos-arm64 0.4.0 40.00 NOTE
r-oldrel-macos-x86_64 0.4.0 50.00 NOTE
r-oldrel-windows-ix86+x86_64 0.4.0 11.00 114.00 125.00 OK

Check Details

Version: 0.4.0
Check: data for non-ASCII characters
Result: NOTE
     Note: found 104 marked UTF-8 strings
Flavors: r-devel-linux-x86_64-fedora-clang, r-devel-linux-x86_64-fedora-gcc, r-release-macos-arm64, r-release-macos-x86_64, r-oldrel-macos-arm64, r-oldrel-macos-x86_64