Last updated on 2022-08-11 03:52:09 CEST.
Flavor | Version | Tinstall | Tcheck | Ttotal | Status | Flags |
---|---|---|---|---|---|---|
r-devel-linux-x86_64-debian-clang | 3.0.0 | 2.78 | 54.98 | 57.76 | NOTE | |
r-devel-linux-x86_64-debian-gcc | 3.0.0 | 2.10 | 43.35 | 45.45 | NOTE | |
r-devel-linux-x86_64-fedora-clang | 3.0.0 | 80.24 | NOTE | |||
r-devel-linux-x86_64-fedora-gcc | 3.0.0 | 79.25 | NOTE | |||
r-devel-windows-x86_64 | 3.0.0 | 29.00 | 102.00 | 131.00 | NOTE | |
r-patched-linux-x86_64 | 3.0.0 | 3.25 | 54.50 | 57.75 | OK | |
r-release-linux-x86_64 | 3.0.0 | OK | ||||
r-release-macos-arm64 | 3.0.0 | 28.00 | OK | |||
r-release-macos-x86_64 | 3.0.0 | 42.00 | OK | |||
r-release-windows-x86_64 | 3.0.0 | 25.00 | 103.00 | 128.00 | OK | |
r-oldrel-macos-arm64 | 3.0.0 | 27.00 | OK | |||
r-oldrel-macos-x86_64 | 3.0.0 | 45.00 | OK | |||
r-oldrel-windows-ix86+x86_64 | 3.0.0 | 7.00 | 83.00 | 90.00 | OK |
Version: 3.0.0
Check: Rd files
Result: NOTE
checkRd: (-1) pine.Rd:20: Escaped LaTeX specials: \&
Flavors: r-devel-linux-x86_64-debian-clang, r-devel-linux-x86_64-debian-gcc, r-devel-linux-x86_64-fedora-clang, r-devel-linux-x86_64-fedora-gcc, r-devel-windows-x86_64