CRAN Package Check Results for Package irregulAR1

Last updated on 2019-04-19 02:46:46 CEST.

Flavor Version Tinstall Tcheck Ttotal Status Flags
r-devel-linux-x86_64-debian-clang 1.0.0 57.52 57.33 114.85 NOTE
r-devel-linux-x86_64-debian-gcc 1.0.0 47.42 45.79 93.21 NOTE
r-devel-linux-x86_64-fedora-clang 1.0.0 157.45 NOTE
r-devel-linux-x86_64-fedora-gcc 1.0.0 148.96 NOTE
r-devel-windows-ix86+x86_64 1.0.0 160.00 131.00 291.00 OK
r-patched-linux-x86_64 1.0.0 54.55 56.11 110.66 NOTE
r-patched-solaris-x86 1.0.0 177.40 OK
r-release-linux-x86_64 1.0.0 50.25 53.93 104.18 OK
r-release-windows-ix86+x86_64 1.0.0 125.00 125.00 250.00 OK
r-release-osx-x86_64 1.0.0 OK
r-oldrel-windows-ix86+x86_64 1.0.0 103.00 133.00 236.00 OK
r-oldrel-osx-x86_64 1.0.0 OK

Check Details

Version: 1.0.0
Check: use of SHLIB_OPENMP_*FLAGS in Makefiles
Result: NOTE
     src/Makevars: SHLIB_OPENMP_CXXFLAGS is included in PKG_CXXFLAGS but not in PKG_LIBS
     src/Makevars: SHLIB_OPENMP_CFLAGS is included in PKG_LIBS but linking is by C++
     src/Makevars.win: SHLIB_OPENMP_CXXFLAGS is included in PKG_CXXFLAGS but not in PKG_LIBS
     src/Makevars.win: SHLIB_OPENMP_CFLAGS is included in PKG_LIBS but linking is by C++
    Use of these macros is discussed in sect 1.2.1.1 of 'Writing R
    Extensions'. The macros for different languages may differ so the
    matching macro must be used in PKG_CXXFLAGS (etc) and match that used
    in PKG_LIBS (except for Fortran: see the manual).
Flavors: r-devel-linux-x86_64-debian-clang, r-devel-linux-x86_64-debian-gcc, r-devel-linux-x86_64-fedora-clang, r-devel-linux-x86_64-fedora-gcc, r-patched-linux-x86_64