CRAN Package Check Results for Package irrNA

Last updated on 2023-03-27 08:51:16 CEST.

Flavor Version Tinstall Tcheck Ttotal Status Flags
r-devel-linux-x86_64-debian-clang 0.2.3 2.51 26.50 29.01 OK
r-devel-linux-x86_64-debian-gcc 0.2.3 2.60 21.03 23.63 OK
r-devel-linux-x86_64-fedora-clang 0.2.3 37.47 NOTE
r-devel-linux-x86_64-fedora-gcc 0.2.3 35.56 OK
r-patched-linux-x86_64 0.2.3 3.67 25.74 29.41 OK
r-release-linux-x86_64 0.2.3 2.43 27.13 29.56 OK
r-release-macos-arm64 0.2.3 14.00 OK
r-release-macos-x86_64 0.2.3 22.00 OK
r-release-windows-x86_64 0.2.3 6.00 50.00 56.00 OK
r-oldrel-macos-arm64 0.2.3 16.00 OK
r-oldrel-macos-x86_64 0.2.3 22.00 OK
r-oldrel-windows-ix86+x86_64 0.2.3 6.00 44.00 50.00 OK

Check Details

Version: 0.2.3
Check: Rd cross-references
Result: NOTE
    Undeclared package ‘irr’ in Rd xrefs
Flavor: r-devel-linux-x86_64-fedora-clang