CRAN Package Check Results for Package ircor

Last updated on 2023-06-09 18:52:01 CEST.

Flavor Version Tinstall Tcheck Ttotal Status Flags
r-devel-linux-x86_64-debian-clang 1.0 2.24 22.69 24.93 NOTE
r-devel-linux-x86_64-debian-gcc 1.0 1.70 18.10 19.80 NOTE
r-devel-linux-x86_64-fedora-clang 1.0 31.68 NOTE
r-devel-linux-x86_64-fedora-gcc 1.0 29.97 NOTE
r-devel-windows-x86_64 1.0 3.00 40.00 43.00 NOTE
r-patched-linux-x86_64 1.0 2.33 22.32 24.65 NOTE
r-release-linux-x86_64 1.0 2.13 22.34 24.47 NOTE
r-release-macos-arm64 1.0 15.00 NOTE
r-release-macos-x86_64 1.0 19.00 NOTE
r-release-windows-x86_64 1.0 5.00 42.00 47.00 NOTE
r-oldrel-macos-arm64 1.0 17.00 NOTE
r-oldrel-macos-x86_64 1.0 21.00 NOTE
r-oldrel-windows-x86_64 1.0 3.00 41.00 44.00 NOTE

Check Details

Version: 1.0
Check: LazyData
Result: NOTE
     'LazyData' is specified without a 'data' directory
Flavors: r-devel-linux-x86_64-debian-clang, r-devel-linux-x86_64-debian-gcc, r-devel-linux-x86_64-fedora-clang, r-devel-linux-x86_64-fedora-gcc, r-devel-windows-x86_64, r-patched-linux-x86_64, r-release-linux-x86_64, r-release-macos-arm64, r-release-macos-x86_64, r-release-windows-x86_64, r-oldrel-macos-arm64, r-oldrel-macos-x86_64, r-oldrel-windows-x86_64