CRAN Package Check Results for Package ircor

Last updated on 2024-04-14 15:50:18 CEST.

Flavor Version Tinstall Tcheck Ttotal Status Flags
r-devel-linux-x86_64-debian-clang 1.0 2.30 23.90 26.20 NOTE
r-devel-linux-x86_64-debian-gcc 1.0 1.69 18.19 19.88 NOTE
r-devel-linux-x86_64-fedora-clang 1.0 32.31 NOTE
r-devel-linux-x86_64-fedora-gcc 1.0 30.47 NOTE
r-devel-windows-x86_64 1.0 3.00 40.00 43.00 NOTE
r-patched-linux-x86_64 1.0 2.03 22.36 24.39 NOTE
r-release-linux-x86_64 1.0 2.17 22.56 24.73 NOTE
r-release-macos-arm64 1.0 15.00 NOTE
r-release-macos-x86_64 1.0 19.00 NOTE
r-release-windows-x86_64 1.0 5.00 38.00 43.00 NOTE
r-oldrel-macos-arm64 1.0 17.00 NOTE
r-oldrel-windows-x86_64 1.0 3.00 43.00 46.00 NOTE

Check Details

Version: 1.0
Check: LazyData
Result: NOTE 'LazyData' is specified without a 'data' directory Flavors: r-devel-linux-x86_64-debian-clang, r-devel-linux-x86_64-debian-gcc, r-devel-linux-x86_64-fedora-clang, r-devel-linux-x86_64-fedora-gcc, r-devel-windows-x86_64, r-patched-linux-x86_64, r-release-linux-x86_64, r-release-macos-arm64, r-release-macos-x86_64, r-release-windows-x86_64, r-oldrel-macos-arm64, r-oldrel-windows-x86_64