CRAN Package Check Results for Package irace

Last updated on 2024-03-03 19:56:25 CET.

Flavor Version Tinstall Tcheck Ttotal Status Flags
r-devel-linux-x86_64-debian-clang 3.5 10.09 111.63 121.72 OK
r-devel-linux-x86_64-debian-gcc 3.5 8.61 85.02 93.63 OK
r-devel-linux-x86_64-fedora-clang 3.5 151.73 OK
r-devel-linux-x86_64-fedora-gcc 3.5 161.06 OK
r-devel-windows-x86_64 3.5 12.00 132.00 144.00 OK
r-patched-linux-x86_64 3.5 10.32 110.45 120.77 OK
r-release-linux-x86_64 3.5 11.30 110.69 121.99 OK
r-release-macos-arm64 3.5 55.00 NOTE
r-release-macos-x86_64 3.5 134.00 NOTE
r-release-windows-x86_64 3.5 12.00 148.00 160.00 OK
r-oldrel-macos-arm64 3.5 49.00 NOTE
r-oldrel-windows-x86_64 3.5 17.00 150.00 167.00 OK

Check Details

Version: 3.5
Check: package dependencies
Result: NOTE Package suggested but not available for checking: ‘Rmpi’ Flavors: r-release-macos-arm64, r-release-macos-x86_64, r-oldrel-macos-arm64