Last updated on 2025-01-18 23:48:26 CET.
Flavor | Version | Tinstall | Tcheck | Ttotal | Status | Flags |
---|---|---|---|---|---|---|
r-devel-linux-x86_64-debian-clang | 4.1 | 10.91 | 111.73 | 122.64 | OK | |
r-devel-linux-x86_64-debian-gcc | 4.1 | 7.99 | 77.04 | 85.03 | OK | |
r-devel-linux-x86_64-fedora-clang | 4.1 | 212.48 | OK | |||
r-devel-linux-x86_64-fedora-gcc | 4.1 | 210.13 | OK | |||
r-devel-windows-x86_64 | 4.1 | 16.00 | 156.00 | 172.00 | OK | |
r-patched-linux-x86_64 | 4.1 | 13.63 | 103.47 | 117.10 | OK | |
r-release-linux-x86_64 | 4.1 | 11.71 | 103.14 | 114.85 | OK | |
r-release-macos-arm64 | 4.1 | 70.00 | NOTE | |||
r-release-macos-x86_64 | 4.1 | 145.00 | NOTE | |||
r-release-windows-x86_64 | 4.1 | 19.00 | 152.00 | 171.00 | OK | |
r-oldrel-macos-arm64 | 4.1 | 68.00 | NOTE | |||
r-oldrel-macos-x86_64 | 4.1 | 141.00 | NOTE | |||
r-oldrel-windows-x86_64 | 4.1 | 20.00 | 174.00 | 194.00 | OK |
Version: 4.1
Check: package dependencies
Result: NOTE
Package suggested but not available for checking: ‘Rmpi’
Flavors: r-release-macos-arm64, r-release-macos-x86_64, r-oldrel-macos-arm64, r-oldrel-macos-x86_64