CRAN Package Check Results for Package iq

Last updated on 2022-05-25 09:56:27 CEST.

Flavor Version Tinstall Tcheck Ttotal Status Flags
r-devel-linux-x86_64-debian-clang 1.9.6 27.74 44.91 72.65 OK
r-devel-linux-x86_64-debian-gcc 1.9.6 22.53 34.64 57.17 OK
r-devel-linux-x86_64-fedora-clang 1.9.6 94.94 NOTE
r-devel-linux-x86_64-fedora-gcc 1.9.6 87.52 OK
r-devel-windows-x86_64 1.9.6 30.00 96.00 126.00 OK
r-patched-linux-x86_64 1.9.6 20.03 43.49 63.52 OK
r-release-linux-x86_64 1.9.6 OK
r-release-macos-arm64 1.9.6 31.00 NOTE
r-release-macos-x86_64 1.9.6 42.00 NOTE
r-release-windows-x86_64 1.9.6 31.00 98.00 129.00 OK
r-oldrel-macos-arm64 1.9.6 30.00 NOTE
r-oldrel-macos-x86_64 1.9.6 41.00 NOTE
r-oldrel-windows-ix86+x86_64 1.9.6 59.00 80.00 139.00 OK

Check Details

Version: 1.9.6
Check: installed package size
Result: NOTE
     installed size is 6.1Mb
     sub-directories of 1Mb or more:
     libs 5.5Mb
Flavors: r-devel-linux-x86_64-fedora-clang, r-release-macos-arm64, r-release-macos-x86_64, r-oldrel-macos-arm64, r-oldrel-macos-x86_64