CRAN Package Check Results for Package iprior

Last updated on 2019-06-24 15:48:15 CEST.

Flavor Version Tinstall Tcheck Ttotal Status Flags
r-devel-linux-x86_64-debian-clang 0.7.3 62.94 78.98 141.92 OK
r-devel-linux-x86_64-debian-gcc 0.7.3 53.73 61.87 115.60 OK
r-devel-linux-x86_64-fedora-clang 0.7.3 199.01 NOTE
r-devel-linux-x86_64-fedora-gcc 0.7.3 175.49 OK
r-devel-windows-ix86+x86_64 0.7.3 166.00 123.00 289.00 OK
r-patched-linux-x86_64 0.7.3 61.49 79.52 141.01 OK
r-patched-solaris-x86 0.7.3 178.90 OK
r-release-linux-x86_64 0.7.3 63.17 79.24 142.41 OK
r-release-windows-ix86+x86_64 0.7.3 112.00 140.00 252.00 OK
r-release-osx-x86_64 0.7.3 NOTE
r-oldrel-windows-ix86+x86_64 0.7.3 102.00 104.00 206.00 WARN
r-oldrel-osx-x86_64 0.7.3 NOTE

Check Details

Version: 0.7.3
Check: installed package size
Result: NOTE
     installed size is 8.6Mb
     sub-directories of 1Mb or more:
     libs 7.3Mb
Flavors: r-devel-linux-x86_64-fedora-clang, r-release-osx-x86_64, r-oldrel-osx-x86_64

Version: 0.7.3
Check: whether package can be installed
Result: WARN
    Found the following significant warnings:
     Warning: S3 methods '[.fun_list', '[.grouped_df', 'all.equal.tbl_df', 'anti_join.data.frame', 'anti_join.tbl_df', 'arrange.data.frame', 'arrange.default', 'arrange.grouped_df', 'arrange.tbl_df', 'arrange_.data.frame', 'arrange_.tbl_df', 'as.data.frame.grouped_df', 'as.data.frame.rowwise_df', 'as.data.frame.tbl_cube', 'as.table.tbl_cube', 'as.tbl.data.frame', 'as.tbl.tbl', 'as.tbl_cube.array', 'as.tbl_cube.data.frame', 'as.tbl_cube.matrix', 'as.tbl_cube.table', 'as_tibble.grouped_df', 'as_tibble.tbl_cube', 'auto_copy.tbl_cube', 'auto_copy.tbl_df', 'cbind.grouped_df', 'collapse.data.frame', 'collect.data.frame', 'common_by.NULL', 'common_by.character', 'common_by.default', 'common_by.list', 'compute.data.frame', 'copy_to.DBIConnection', 'copy_to.src_local', 'default_missing.data.frame', 'default_missing.default', 'dim.tbl_cube', 'distinct.data.frame', 'distinct.default', 'distinct.grouped_df', 'distinct.tbl_df', 'distinct_.data.frame', 'distinct_.grouped_df', 'distinct_.tbl_df', 'do.NULL', 'do.da [... truncated]
Flavor: r-oldrel-windows-ix86+x86_64