CRAN Package Check Results for Package ipdw

Last updated on 2019-07-15 22:55:05 CEST.

Flavor Version Tinstall Tcheck Ttotal Status Flags
r-devel-linux-x86_64-debian-clang 0.2-7 11.60 174.31 185.91 OK
r-devel-linux-x86_64-debian-gcc 0.2-7 11.27 139.13 150.40 OK
r-devel-linux-x86_64-fedora-clang 0.2-7 239.61 OK
r-devel-linux-x86_64-fedora-gcc 0.2-7 260.81 OK
r-devel-windows-ix86+x86_64 0.2-7 35.00 251.00 286.00 OK
r-patched-linux-x86_64 0.2-7 11.87 170.46 182.33 OK
r-patched-solaris-x86 0.2-7 410.40 OK
r-release-linux-x86_64 0.2-7 13.01 169.12 182.13 OK
r-release-windows-ix86+x86_64 0.2-7 24.00 177.00 201.00 OK
r-release-osx-x86_64 0.2-7 FAIL
r-oldrel-windows-ix86+x86_64 0.2-7 19.00 171.00 190.00 OK
r-oldrel-osx-x86_64 0.2-7 OK

Check Details

Version: 0.2-7
Check: re-building of vignette outputs
Result: FAIL
    
Flavor: r-release-osx-x86_64