CRAN Package Check Results for Package iotools

Last updated on 2022-10-02 08:55:16 CEST.

Flavor Version Tinstall Tcheck Ttotal Status Flags
r-devel-linux-x86_64-debian-clang 0.3-2 5.97 36.16 42.13 NOTE
r-devel-linux-x86_64-debian-gcc 0.3-2 4.36 27.82 32.18 NOTE
r-devel-linux-x86_64-fedora-clang 0.3-2 62.87 NOTE
r-devel-linux-x86_64-fedora-gcc 0.3-2 61.74 NOTE
r-devel-windows-x86_64 0.3-2 30.00 87.00 117.00 NOTE
r-patched-linux-x86_64 0.3-2 5.80 34.71 40.51 NOTE
r-release-linux-x86_64 0.3-2 5.76 34.52 40.28 NOTE
r-release-macos-arm64 0.3-2 22.00 NOTE
r-release-macos-x86_64 0.3-2 29.00 NOTE
r-release-windows-x86_64 0.3-2 28.00 66.00 94.00 NOTE
r-oldrel-macos-arm64 0.3-2 27.00 NOTE
r-oldrel-macos-x86_64 0.3-2 30.00 NOTE
r-oldrel-windows-ix86+x86_64 0.3-2 21.00 76.00 97.00 NOTE

Additional issues

rchk

Check Details

Version: 0.3-2
Check: compiled code
Result: NOTE
    File 'iotools/libs/iotools.so':
     Found non-API calls to R: 'R_GetConnection', 'R_ReadConnection',
     'R_WriteConnection'
    
    Compiled code should not call non-API entry points in R.
    
    See 'Writing portable packages' in the 'Writing R Extensions' manual.
Flavors: r-devel-linux-x86_64-debian-clang, r-devel-linux-x86_64-debian-gcc, r-patched-linux-x86_64, r-release-linux-x86_64, r-release-macos-arm64, r-release-macos-x86_64, r-oldrel-macos-arm64, r-oldrel-macos-x86_64

Version: 0.3-2
Check: compiled code
Result: NOTE
    File ‘iotools/libs/iotools.so’:
     Found non-API calls to R: ‘R_GetConnection’, ‘R_ReadConnection’,
     ‘R_WriteConnection’
    File ‘iotools/libs/iotools.so’:
     Found no calls to: ‘R_registerRoutines’, ‘R_useDynamicSymbols’
    
    Compiled code should not call non-API entry points in R.
    It is good practice to register native routines and to disable symbol
    search.
    
    See ‘Writing portable packages’ in the ‘Writing R Extensions’ manual.
Flavors: r-devel-linux-x86_64-fedora-clang, r-devel-linux-x86_64-fedora-gcc

Version: 0.3-2
Check: compiled code
Result: NOTE
    File 'iotools/libs/x64/iotools.dll':
     Found non-API calls to R: 'R_GetConnection', 'R_ReadConnection',
     'R_WriteConnection'
    
    Compiled code should not call non-API entry points in R.
    
    See 'Writing portable packages' in the 'Writing R Extensions' manual.
Flavors: r-devel-windows-x86_64, r-release-windows-x86_64

Version: 0.3-2
Check: compiled code
Result: NOTE
    File 'iotools/libs/i386/iotools.dll':
     Found non-API calls to R: 'R_GetConnection', 'R_ReadConnection',
     'R_WriteConnection'
    File 'iotools/libs/x64/iotools.dll':
     Found non-API calls to R: 'R_GetConnection', 'R_ReadConnection',
     'R_WriteConnection'
    
    Compiled code should not call non-API entry points in R.
    
    See 'Writing portable packages' in the 'Writing R Extensions' manual.
Flavor: r-oldrel-windows-ix86+x86_64