CRAN Package Check Results for Package iotables

Last updated on 2020-04-04 16:48:35 CEST.

Flavor Version Tinstall Tcheck Ttotal Status Flags
r-devel-linux-x86_64-debian-clang 0.4.2 14.18 205.18 219.36 OK
r-devel-linux-x86_64-debian-gcc 0.4.2 11.92 155.83 167.75 OK
r-devel-linux-x86_64-fedora-clang 0.4.2 185.21 NOTE
r-devel-linux-x86_64-fedora-gcc 0.4.2 186.44 NOTE
r-devel-windows-ix86+x86_64 0.4.2 40.00 149.00 189.00 OK
r-devel-windows-ix86+x86_64-gcc8 0.4.2 34.00 161.00 195.00 OK
r-patched-linux-x86_64 0.4.2 14.18 196.94 211.12 OK
r-patched-solaris-x86 0.4.2 290.80 NOTE
r-release-linux-x86_64 0.4.2 11.63 178.76 190.39 OK
r-release-windows-ix86+x86_64 0.4.2 30.00 282.00 312.00 OK
r-release-osx-x86_64 0.4.2 NOTE
r-oldrel-windows-ix86+x86_64 0.4.2 23.00 204.00 227.00 OK
r-oldrel-osx-x86_64 0.4.2 NOTE

Check Details

Version: 0.4.2
Check: data for non-ASCII characters
Result: NOTE
     Note: found 53206 marked UTF-8 strings
Flavors: r-devel-linux-x86_64-fedora-clang, r-devel-linux-x86_64-fedora-gcc, r-patched-solaris-x86, r-release-osx-x86_64, r-oldrel-osx-x86_64