CRAN Package Check Results for Package intubate

Last updated on 2020-07-11 06:47:41 CEST.

Flavor Version Tinstall Tcheck Ttotal Status Flags
r-devel-linux-x86_64-debian-clang 1.0.0 3.66 54.68 58.34 NOTE
r-devel-linux-x86_64-debian-gcc 1.0.0 2.82 41.66 44.48 NOTE
r-devel-linux-x86_64-fedora-clang 1.0.0 78.83 OK
r-devel-linux-x86_64-fedora-gcc 1.0.0 69.12 OK
r-devel-windows-ix86+x86_64 1.0.0 11.00 91.00 102.00 NOTE
r-patched-linux-x86_64 1.0.0 3.50 55.00 58.50 NOTE
r-patched-solaris-x86 1.0.0 86.70 OK
r-release-linux-x86_64 1.0.0 3.80 55.30 59.10 NOTE
r-release-osx-x86_64 1.0.0 OK
r-release-windows-ix86+x86_64 1.0.0 8.00 97.00 105.00 NOTE
r-oldrel-osx-x86_64 1.0.0 OK
r-oldrel-windows-ix86+x86_64 1.0.0 11.00 69.00 80.00 OK

Check Details

Version: 1.0.0
Check: package vignettes
Result: NOTE
    Package vignette with placeholder title 'Vignette Title':
     'intubate.Rmd'
Flavors: r-devel-linux-x86_64-debian-clang, r-devel-linux-x86_64-debian-gcc, r-devel-windows-ix86+x86_64, r-patched-linux-x86_64, r-release-linux-x86_64, r-release-windows-ix86+x86_64