Last updated on 2023-12-10 22:56:01 CET.
Flavor | Version | Tinstall | Tcheck | Ttotal | Status | Flags |
---|---|---|---|---|---|---|
r-devel-linux-x86_64-debian-clang | 0.2.2 | 206.68 | 61.14 | 267.82 | NOTE | |
r-devel-linux-x86_64-debian-gcc | 0.2.2 | 163.59 | 45.11 | 208.70 | NOTE | |
r-devel-linux-x86_64-fedora-clang | 0.2.2 | 412.56 | NOTE | |||
r-devel-linux-x86_64-fedora-gcc | 0.2.2 | 426.50 | NOTE | |||
r-devel-windows-x86_64 | 0.2.2 | 162.00 | 95.00 | 257.00 | NOTE | |
r-patched-linux-x86_64 | 0.2.2 | 194.85 | 59.20 | 254.05 | NOTE | |
r-release-linux-x86_64 | 0.2.2 | 193.63 | 58.13 | 251.76 | NOTE | |
r-release-macos-arm64 | 0.2.2 | 96.00 | NOTE | |||
r-release-macos-x86_64 | 0.2.2 | 173.00 | NOTE | |||
r-release-windows-x86_64 | 0.2.2 | 203.00 | 108.00 | 311.00 | NOTE | |
r-oldrel-macos-arm64 | 0.2.2 | 87.00 | NOTE | |||
r-oldrel-macos-x86_64 | 0.2.2 | 114.00 | NOTE | |||
r-oldrel-windows-x86_64 | 0.2.2 | 198.00 | 112.00 | 310.00 | NOTE |
Version: 0.2.2
Check: C++ specification
Result: NOTE
Specified C++11: please drop specification unless essential
Flavors: r-devel-linux-x86_64-debian-clang, r-devel-linux-x86_64-debian-gcc, r-devel-linux-x86_64-fedora-clang, r-devel-linux-x86_64-fedora-gcc, r-devel-windows-x86_64, r-patched-linux-x86_64, r-release-linux-x86_64, r-release-macos-arm64, r-release-macos-x86_64, r-release-windows-x86_64
Version: 0.2.2
Check: Rd files
Result: NOTE
checkRd: (-1) cox_cure_net.Rd:132: Lost braces
132 | \code{surv_lambda} (or code{cure_lambda}) that produces all-zero
| ^
Flavors: r-devel-linux-x86_64-debian-clang, r-devel-linux-x86_64-debian-gcc
Version: 0.2.2
Check: LazyData
Result: NOTE
'LazyData' is specified without a 'data' directory
Flavors: r-devel-linux-x86_64-debian-clang, r-devel-linux-x86_64-debian-gcc, r-devel-linux-x86_64-fedora-clang, r-devel-linux-x86_64-fedora-gcc, r-devel-windows-x86_64, r-patched-linux-x86_64, r-release-linux-x86_64, r-release-macos-arm64, r-release-macos-x86_64, r-release-windows-x86_64, r-oldrel-macos-arm64, r-oldrel-macos-x86_64, r-oldrel-windows-x86_64
Version: 0.2.2
Check: installed package size
Result: NOTE
installed size is 12.0Mb
sub-directories of 1Mb or more:
libs 11.2Mb
Flavors: r-release-macos-arm64, r-release-macos-x86_64, r-oldrel-macos-arm64, r-oldrel-macos-x86_64