CRAN Package Check Results for Package intsurv

Last updated on 2021-12-02 23:51:10 CET.

Flavor Version Tinstall Tcheck Ttotal Status Flags
r-devel-linux-x86_64-debian-clang 0.2.2 216.37 55.34 271.71 NOTE
r-devel-linux-x86_64-debian-gcc 0.2.2 155.97 41.77 197.74 NOTE
r-devel-linux-x86_64-fedora-clang 0.2.2 409.42 NOTE
r-devel-linux-x86_64-fedora-gcc 0.2.2 375.28 NOTE
r-devel-windows-x86_64-new-UL 0.2.2 253.00 133.00 386.00 NOTE
r-devel-windows-x86_64-new-TK 0.2.2 NOTE
r-devel-windows-x86_64-old 0.2.2 250.00 69.00 319.00 NOTE
r-patched-linux-x86_64 0.2.2 182.62 52.56 235.18 NOTE
r-patched-solaris-x86 0.2.2 303.40 NOTE
r-release-linux-x86_64 0.2.2 193.25 52.55 245.80 NOTE
r-release-macos-arm64 0.2.2 NOTE
r-release-macos-x86_64 0.2.2 NOTE
r-release-windows-ix86+x86_64 0.2.2 492.00 126.00 618.00 NOTE
r-oldrel-macos-x86_64 0.2.2 NOTE
r-oldrel-windows-ix86+x86_64 0.2.2 483.00 122.00 605.00 OK

Check Details

Version: 0.2.2
Check: LazyData
Result: NOTE
     'LazyData' is specified without a 'data' directory
Flavors: r-devel-linux-x86_64-debian-clang, r-devel-linux-x86_64-debian-gcc, r-devel-linux-x86_64-fedora-clang, r-devel-linux-x86_64-fedora-gcc, r-devel-windows-x86_64-new-UL, r-devel-windows-x86_64-new-TK, r-devel-windows-x86_64-old, r-patched-linux-x86_64, r-patched-solaris-x86, r-release-linux-x86_64, r-release-macos-arm64, r-release-macos-x86_64, r-release-windows-ix86+x86_64

Version: 0.2.2
Check: installed package size
Result: NOTE
     installed size is 13.1Mb
     sub-directories of 1Mb or more:
     libs 12.4Mb
Flavors: r-devel-linux-x86_64-fedora-clang, r-release-macos-arm64, r-release-macos-x86_64, r-oldrel-macos-x86_64