Last updated on 2023-03-29 09:50:51 CEST.
Flavor | Version | Tinstall | Tcheck | Ttotal | Status | Flags |
---|---|---|---|---|---|---|
r-devel-linux-x86_64-debian-clang | 0.2.2 | 223.82 | 59.97 | 283.79 | NOTE | |
r-devel-linux-x86_64-debian-gcc | 0.2.2 | 178.44 | 45.48 | 223.92 | NOTE | |
r-devel-linux-x86_64-fedora-clang | 0.2.2 | 417.90 | NOTE | |||
r-devel-linux-x86_64-fedora-gcc | 0.2.2 | 384.86 | NOTE | |||
r-devel-windows-x86_64 | 0.2.2 | 218.00 | 0.00 | 218.00 | NOTE | |
r-patched-linux-x86_64 | 0.2.2 | 194.25 | 56.51 | 250.76 | NOTE | |
r-release-linux-x86_64 | 0.2.2 | 199.15 | 57.40 | 256.55 | NOTE | |
r-release-macos-arm64 | 0.2.2 | 85.00 | NOTE | |||
r-release-macos-x86_64 | 0.2.2 | 114.00 | NOTE | |||
r-release-windows-x86_64 | 0.2.2 | 199.00 | 122.00 | 321.00 | NOTE | |
r-oldrel-macos-arm64 | 0.2.2 | 97.00 | NOTE | |||
r-oldrel-macos-x86_64 | 0.2.2 | 177.00 | NOTE | |||
r-oldrel-windows-ix86+x86_64 | 0.2.2 | 495.00 | 134.00 | 629.00 | NOTE |
Version: 0.2.2
Check: C++ specification
Result: NOTE
Specified C++11: please drop specification unless essential
Flavors: r-devel-linux-x86_64-debian-clang, r-devel-linux-x86_64-debian-gcc, r-devel-linux-x86_64-fedora-clang, r-devel-linux-x86_64-fedora-gcc, r-devel-windows-x86_64, r-patched-linux-x86_64
Version: 0.2.2
Check: LazyData
Result: NOTE
'LazyData' is specified without a 'data' directory
Flavors: r-devel-linux-x86_64-debian-clang, r-devel-linux-x86_64-debian-gcc, r-devel-linux-x86_64-fedora-clang, r-devel-linux-x86_64-fedora-gcc, r-devel-windows-x86_64, r-patched-linux-x86_64, r-release-linux-x86_64, r-release-macos-arm64, r-release-macos-x86_64, r-release-windows-x86_64, r-oldrel-macos-arm64, r-oldrel-macos-x86_64, r-oldrel-windows-ix86+x86_64
Version: 0.2.2
Check: installed package size
Result: NOTE
installed size is 11.7Mb
sub-directories of 1Mb or more:
libs 11.0Mb
Flavors: r-release-macos-arm64, r-release-macos-x86_64, r-oldrel-macos-arm64, r-oldrel-macos-x86_64