CRAN Package Check Results for Package inti

Last updated on 2022-01-24 03:51:34 CET.

Flavor Version Tinstall Tcheck Ttotal Status Flags
r-devel-linux-x86_64-debian-clang 0.5.2 16.63 152.84 169.47 OK
r-devel-linux-x86_64-debian-gcc 0.5.2 14.21 115.30 129.51 OK
r-devel-linux-x86_64-fedora-clang 0.5.2 202.66 OK
r-devel-linux-x86_64-fedora-gcc 0.5.2 186.89 OK
r-devel-windows-x86_64-new-UL 0.5.2 118.00 215.00 333.00 OK
r-devel-windows-x86_64-new-TK 0.5.2 ERROR
r-patched-linux-x86_64 0.5.2 15.02 160.93 175.95 OK
r-release-linux-x86_64 0.5.2 13.74 163.38 177.12 OK
r-release-macos-arm64 0.5.2 OK
r-release-macos-x86_64 0.5.2 OK
r-release-windows-ix86+x86_64 0.5.2 40.00 199.00 239.00 OK
r-oldrel-macos-x86_64 0.5.2 OK
r-oldrel-windows-ix86+x86_64 0.5.2 39.00 199.00 238.00 OK

Check Details

Version: 0.5.2
Check: package dependencies
Result: ERROR
    Packages required but not available: 'lme4', 'FactoMineR'
    
    See section 'The DESCRIPTION file' in the 'Writing R Extensions'
    manual.
Flavor: r-devel-windows-x86_64-new-TK