CRAN Package Check Results for Package inters

Last updated on 2024-06-22 03:49:33 CEST.

Flavor Version Tinstall Tcheck Ttotal Status Flags
r-devel-linux-x86_64-debian-clang 0.2.0 3.05 48.23 51.28 NOTE
r-devel-linux-x86_64-debian-gcc 0.2.0 2.17 36.67 38.84 NOTE
r-devel-linux-x86_64-fedora-clang 0.2.0 69.87 NOTE
r-devel-linux-x86_64-fedora-gcc 0.2.0 79.90 NOTE
r-devel-windows-x86_64 0.2.0 3.00 63.00 66.00 NOTE
r-patched-linux-x86_64 0.2.0 2.72 45.90 48.62 NOTE
r-release-linux-x86_64 0.2.0 1.70 45.99 47.69 NOTE
r-release-macos-arm64 0.2.0 29.00 NOTE
r-release-macos-x86_64 0.2.0 56.00 NOTE
r-release-windows-x86_64 0.2.0 3.00 64.00 67.00 NOTE
r-oldrel-macos-arm64 0.2.0 31.00 OK
r-oldrel-macos-x86_64 0.2.0 40.00 OK
r-oldrel-windows-x86_64 0.2.0 4.00 62.00 66.00 OK

Check Details

Version: 0.2.0
Check: Rd files
Result: NOTE checkRd: (-1) remit.Rd:32: Lost braces 32 | A data set to replicate the findings of Escrib\`{a}-Folch, | ^ checkRd: (-1) remit.Rd:38: Lost braces 38 | Escrib\`{a}-Folch, A., Meseguer, C. and Wright, J. (2018), Remittances and Protest in Dictatorships. American Journal of Political Science, 62: 889-904. \doi{10.1111/ajps.12382} | ^ Flavors: r-devel-linux-x86_64-debian-clang, r-devel-linux-x86_64-debian-gcc, r-devel-linux-x86_64-fedora-clang, r-devel-linux-x86_64-fedora-gcc, r-devel-windows-x86_64, r-patched-linux-x86_64, r-release-linux-x86_64, r-release-macos-arm64, r-release-macos-x86_64, r-release-windows-x86_64