Last updated on 2023-12-02 00:51:59 CET.
Flavor | Version | Tinstall | Tcheck | Ttotal | Status | Flags |
---|---|---|---|---|---|---|
r-devel-linux-x86_64-debian-clang | 0.2.0 | 1.95 | 46.06 | 48.01 | NOTE | |
r-devel-linux-x86_64-debian-gcc | 0.2.0 | 2.15 | 35.94 | 38.09 | NOTE | |
r-devel-linux-x86_64-fedora-clang | 0.2.0 | 63.02 | OK | |||
r-devel-linux-x86_64-fedora-gcc | 0.2.0 | 74.30 | OK | |||
r-devel-windows-x86_64 | 0.2.0 | 4.00 | 58.00 | 62.00 | OK | |
r-patched-linux-x86_64 | 0.2.0 | 1.98 | 43.96 | 45.94 | OK | |
r-release-linux-x86_64 | 0.2.0 | 2.65 | 43.97 | 46.62 | OK | |
r-release-macos-arm64 | 0.2.0 | 31.00 | OK | |||
r-release-macos-x86_64 | 0.2.0 | 40.00 | OK | |||
r-release-windows-x86_64 | 0.2.0 | 4.00 | 65.00 | 69.00 | OK | |
r-oldrel-macos-arm64 | 0.2.0 | 28.00 | OK | |||
r-oldrel-macos-x86_64 | 0.2.0 | 35.00 | OK | |||
r-oldrel-windows-x86_64 | 0.2.0 | 5.00 | 67.00 | 72.00 | OK |
Version: 0.2.0
Check: Rd files
Result: NOTE
checkRd: (-1) remit.Rd:32: Lost braces
32 | A data set to replicate the findings of Escrib\`{a}-Folch,
| ^
checkRd: (-1) remit.Rd:38: Lost braces
38 | Escrib\`{a}-Folch, A., Meseguer, C. and Wright, J. (2018), Remittances and Protest in Dictatorships. American Journal of Political Science, 62: 889-904. \doi{10.1111/ajps.12382}
| ^
Flavors: r-devel-linux-x86_64-debian-clang, r-devel-linux-x86_64-debian-gcc