Last updated on 2023-12-08 19:51:39 CET.
Flavor | Version | Tinstall | Tcheck | Ttotal | Status | Flags |
---|---|---|---|---|---|---|
r-devel-linux-x86_64-debian-clang | 1.1-5 | 173.82 | 227.79 | 401.61 | OK | |
r-devel-linux-x86_64-debian-gcc | 1.1-5 | 124.40 | 178.14 | 302.54 | OK | |
r-devel-linux-x86_64-fedora-clang | 1.1-5 | 543.73 | OK | |||
r-devel-linux-x86_64-fedora-gcc | 1.1-5 | 581.12 | OK | |||
r-devel-windows-x86_64 | 1.1-5 | 122.00 | 280.00 | 402.00 | OK | |
r-patched-linux-x86_64 | 1.1-5 | 155.53 | 225.12 | 380.65 | OK | |
r-release-linux-x86_64 | 1.1-5 | 153.07 | 222.58 | 375.65 | OK | |
r-release-macos-arm64 | 1.1-5 | 195.00 | NOTE | |||
r-release-macos-x86_64 | 1.1-5 | 539.00 | NOTE | |||
r-release-windows-x86_64 | 1.1-5 | 157.00 | 332.00 | 489.00 | OK | |
r-oldrel-macos-arm64 | 1.1-5 | 187.00 | NOTE | |||
r-oldrel-macos-x86_64 | 1.1-4 | 235.00 | NOTE | |||
r-oldrel-windows-x86_64 | 1.1-5 | 143.00 | 328.00 | 471.00 | OK |
Version: 1.1-5
Check: installed package size
Result: NOTE
installed size is 30.1Mb
sub-directories of 1Mb or more:
doc 1.0Mb
libs 28.8Mb
Flavors: r-release-macos-arm64, r-release-macos-x86_64, r-oldrel-macos-arm64
Version: 1.1-4
Check: installed package size
Result: NOTE
installed size is 33.4Mb
sub-directories of 1Mb or more:
doc 1.1Mb
libs 32.0Mb
Flavor: r-oldrel-macos-x86_64