CRAN Package Check Results for Package interleave

Last updated on 2022-08-16 05:54:01 CEST.

Flavor Version Tinstall Tcheck Ttotal Status Flags
r-devel-linux-x86_64-debian-clang 0.1.1 33.26 28.43 61.69 NOTE
r-devel-linux-x86_64-debian-gcc 0.1.1 27.25 21.93 49.18 NOTE
r-devel-linux-x86_64-fedora-clang 0.1.1 98.35 NOTE
r-devel-linux-x86_64-fedora-gcc 0.1.1 96.74 NOTE
r-devel-windows-x86_64 0.1.1 40.00 73.00 113.00 NOTE
r-patched-linux-x86_64 0.1.1 31.44 27.50 58.94 NOTE
r-release-linux-x86_64 0.1.1 31.84 27.59 59.43 NOTE
r-release-macos-arm64 0.1.1 28.00 NOTE
r-release-macos-x86_64 0.1.1 38.00 NOTE
r-release-windows-x86_64 0.1.1 46.00 74.00 120.00 NOTE
r-oldrel-macos-arm64 0.1.1 31.00 NOTE
r-oldrel-macos-x86_64 0.1.1 53.00 NOTE
r-oldrel-windows-ix86+x86_64 0.1.1 88.00 79.00 167.00 NOTE

Check Details

Version: 0.1.1
Check: LazyData
Result: NOTE
     'LazyData' is specified without a 'data' directory
Flavors: r-devel-linux-x86_64-debian-clang, r-devel-linux-x86_64-debian-gcc, r-devel-linux-x86_64-fedora-clang, r-devel-linux-x86_64-fedora-gcc, r-devel-windows-x86_64, r-patched-linux-x86_64, r-release-linux-x86_64, r-release-macos-arm64, r-release-macos-x86_64, r-release-windows-x86_64, r-oldrel-macos-arm64, r-oldrel-macos-x86_64, r-oldrel-windows-ix86+x86_64