CRAN Package Check Results for Package interimApp

Last updated on 2022-11-26 22:03:55 CET.

Flavor Version Tinstall Tcheck Ttotal Status Flags
r-devel-linux-x86_64-debian-clang 0.0.1 3.52 41.70 45.22 NOTE
r-devel-linux-x86_64-debian-gcc 0.0.1 3.72 33.02 36.74 NOTE
r-devel-linux-x86_64-fedora-clang 0.0.1 68.51 NOTE
r-devel-linux-x86_64-fedora-gcc 0.0.1 70.74 NOTE
r-devel-windows-x86_64 0.0.1 15.00 79.00 94.00 NOTE
r-patched-linux-x86_64 0.0.1 NOTE
r-release-linux-x86_64 0.0.1 4.54 40.79 45.33 NOTE
r-release-macos-arm64 0.0.1 22.00 NOTE
r-release-macos-x86_64 0.0.1 38.00 NOTE
r-release-windows-x86_64 0.0.1 16.00 79.00 95.00 NOTE
r-oldrel-macos-arm64 0.0.1 24.00 NOTE
r-oldrel-macos-x86_64 0.0.1 30.00 NOTE
r-oldrel-windows-ix86+x86_64 0.0.1 12.00 73.00 85.00 NOTE

Check Details

Version: 0.0.1
Check: LazyData
Result: NOTE
     'LazyData' is specified without a 'data' directory
Flavors: r-devel-linux-x86_64-debian-clang, r-devel-linux-x86_64-debian-gcc, r-devel-linux-x86_64-fedora-clang, r-devel-linux-x86_64-fedora-gcc, r-devel-windows-x86_64, r-patched-linux-x86_64, r-release-linux-x86_64, r-release-macos-arm64, r-release-macos-x86_64, r-release-windows-x86_64, r-oldrel-macos-arm64, r-oldrel-macos-x86_64, r-oldrel-windows-ix86+x86_64