CRAN Package Check Results for Package interim

Last updated on 2023-01-27 17:50:17 CET.

Flavor Version Tinstall Tcheck Ttotal Status Flags
r-devel-linux-x86_64-debian-clang 0.8.0 2.10 20.54 22.64 NOTE
r-devel-linux-x86_64-debian-gcc 0.8.0 1.89 17.97 19.86 NOTE
r-devel-linux-x86_64-fedora-clang 0.8.0 33.41 NOTE
r-devel-linux-x86_64-fedora-gcc 0.8.0 31.36 NOTE
r-devel-windows-x86_64 0.8.0 9.00 48.00 57.00 NOTE
r-patched-linux-x86_64 0.8.0 2.64 22.50 25.14 NOTE
r-release-linux-x86_64 0.8.0 2.66 22.75 25.41 NOTE
r-release-macos-arm64 0.8.0 15.00 NOTE
r-release-macos-x86_64 0.8.0 19.00 NOTE
r-release-windows-x86_64 0.8.0 8.00 44.00 52.00 NOTE
r-oldrel-macos-arm64 0.8.0 18.00 NOTE
r-oldrel-macos-x86_64 0.8.0 26.00 NOTE
r-oldrel-windows-ix86+x86_64 0.8.0 5.00 27.00 32.00 NOTE

Check Details

Version: 0.8.0
Check: LazyData
Result: NOTE
     'LazyData' is specified without a 'data' directory
Flavors: r-devel-linux-x86_64-debian-clang, r-devel-linux-x86_64-debian-gcc, r-devel-linux-x86_64-fedora-clang, r-devel-linux-x86_64-fedora-gcc, r-devel-windows-x86_64, r-patched-linux-x86_64, r-release-linux-x86_64, r-release-macos-arm64, r-release-macos-x86_64, r-release-windows-x86_64, r-oldrel-macos-arm64, r-oldrel-macos-x86_64, r-oldrel-windows-ix86+x86_64