CRAN Package Check Results for Package intercure

Last updated on 2019-06-24 17:47:56 CEST.

Flavor Version Tinstall Tcheck Ttotal Status Flags
r-devel-linux-x86_64-debian-clang 0.1.0 3.56 231.96 235.52 NOTE
r-devel-linux-x86_64-debian-gcc 0.1.0 3.15 174.00 177.15 NOTE
r-devel-linux-x86_64-fedora-clang 0.1.0 261.57 OK
r-devel-linux-x86_64-fedora-gcc 0.1.0 259.22 OK
r-devel-windows-ix86+x86_64 0.1.0 10.00 245.00 255.00 OK
r-patched-linux-x86_64 0.1.0 2.84 226.41 229.25 OK
r-patched-solaris-x86 0.1.0 327.20 OK
r-release-linux-x86_64 0.1.0 3.72 226.27 229.99 OK
r-release-windows-ix86+x86_64 0.1.0 6.00 297.00 303.00 OK
r-release-osx-x86_64 0.1.0 OK
r-oldrel-windows-ix86+x86_64 0.1.0 4.00 232.00 236.00 OK
r-oldrel-osx-x86_64 0.1.0 OK

Check Details

Version: 0.1.0
Check: package vignettes
Result: NOTE
    Package vignette with placeholder title 'Vignette Title':
     'intercure.Rmd'
Flavors: r-devel-linux-x86_64-debian-clang, r-devel-linux-x86_64-debian-gcc