CRAN Package Check Results for Package interactions

Last updated on 2021-06-14 01:48:32 CEST.

Flavor Version Tinstall Tcheck Ttotal Status Flags
r-devel-linux-x86_64-debian-clang 1.1.3 10.98 249.81 260.79 ERROR
r-devel-linux-x86_64-debian-gcc 1.1.3 6.98 182.89 189.87 ERROR
r-devel-linux-x86_64-fedora-clang 1.1.3 318.20 ERROR
r-devel-linux-x86_64-fedora-gcc 1.1.3 306.81 ERROR
r-devel-windows-x86_64 1.1.3 15.00 303.00 318.00 ERROR
r-devel-windows-x86_64-gcc10-UCRT 1.1.3 ERROR
r-patched-linux-x86_64 1.1.3 16.15 252.83 268.98 NOTE
r-patched-solaris-x86 1.1.3 390.00 NOTE
r-release-linux-x86_64 1.1.3 9.96 257.83 267.79 NOTE
r-release-macos-arm64 1.1.3 NOTE
r-release-macos-x86_64 1.1.3 NOTE
r-release-windows-ix86+x86_64 1.1.3 27.00 323.00 350.00 NOTE
r-oldrel-macos-x86_64 1.1.3 OK
r-oldrel-windows-ix86+x86_64 1.1.3 20.00 324.00 344.00 OK

Check Details

Version: 1.1.3
Check: LazyData
Result: NOTE
     'LazyData' is specified without a 'data' directory
Flavors: r-devel-linux-x86_64-debian-clang, r-devel-linux-x86_64-debian-gcc, r-devel-linux-x86_64-fedora-clang, r-devel-linux-x86_64-fedora-gcc, r-devel-windows-x86_64, r-devel-windows-x86_64-gcc10-UCRT, r-patched-linux-x86_64, r-patched-solaris-x86, r-release-linux-x86_64, r-release-macos-arm64, r-release-macos-x86_64, r-release-windows-ix86+x86_64

Version: 1.1.3
Check: examples
Result: ERROR
    Running examples in 'interactions-Ex.R' failed
    The error most likely occurred in:
    
    > base::assign(".ptime", proc.time(), pos = "CheckExEnv")
    > ### Name: probe_interaction
    > ### Title: Probe interaction effects via simple slopes and plotting
    > ### Aliases: probe_interaction
    >
    > ### ** Examples
    >
    >
    > # Using a fitted model as formula input
    > fiti <- lm(Income ~ Frost + Murder * Illiteracy,
    + data=as.data.frame(state.x77))
    > probe_interaction(model = fiti, pred = Murder, modx = Illiteracy,
    + modx.values = "plus-minus")
    JOHNSON-NEYMAN INTERVAL
    
    When Illiteracy is OUTSIDE the interval [0.68, 2.20], the slope of Murder
    is p < .05.
    
    Note: The range of observed values of Illiteracy is [0.50, 2.80]
    
    SIMPLE SLOPES ANALYSIS
    
    Error in prettyNum(.Internal(format(x, trim, digits, nsmall, width, 3L, :
     invalid value 0 for 'digits' argument
    Calls: <Anonymous> ... print.sim_slopes -> format -> format.default -> prettyNum
    Execution halted
Flavors: r-devel-linux-x86_64-debian-clang, r-devel-linux-x86_64-debian-gcc

Version: 1.1.3
Check: re-building of vignette outputs
Result: WARN
    Error(s) in re-building vignettes:
     ...
    --- re-building 'categorical.Rmd' using rmarkdown
    --- finished re-building 'categorical.Rmd'
    
    --- re-building 'interactions.Rmd' using rmarkdown
    `geom_smooth()` using formula 'y ~ x'
    `geom_smooth()` using formula 'y ~ x'
    `geom_smooth()` using formula 'y ~ x'
    Quitting from lines 372-373 (interactions.Rmd)
    Error: processing vignette 'interactions.Rmd' failed with diagnostics:
    invalid value 0 for 'digits' argument
    --- failed re-building 'interactions.Rmd'
    
    SUMMARY: processing the following file failed:
     'interactions.Rmd'
    
    Error: Vignette re-building failed.
    Execution halted
Flavors: r-devel-linux-x86_64-debian-clang, r-devel-linux-x86_64-debian-gcc, r-devel-windows-x86_64-gcc10-UCRT

Version: 1.1.3
Check: Rd cross-references
Result: NOTE
    Undeclared packages ‘quantreg’, ‘effects’, ‘Hmisc’, ‘rockchalk’, ‘pequod’ in Rd xrefs
Flavor: r-devel-linux-x86_64-fedora-clang

Version: 1.1.3
Check: examples
Result: ERROR
    Running examples in ‘interactions-Ex.R’ failed
    The error most likely occurred in:
    
    > ### Name: probe_interaction
    > ### Title: Probe interaction effects via simple slopes and plotting
    > ### Aliases: probe_interaction
    >
    > ### ** Examples
    >
    >
    > # Using a fitted model as formula input
    > fiti <- lm(Income ~ Frost + Murder * Illiteracy,
    + data=as.data.frame(state.x77))
    > probe_interaction(model = fiti, pred = Murder, modx = Illiteracy,
    + modx.values = "plus-minus")
    JOHNSON-NEYMAN INTERVAL
    
    When Illiteracy is OUTSIDE the interval [0.68, 2.20], the slope of Murder
    is p < .05.
    
    Note: The range of observed values of Illiteracy is [0.50, 2.80]
    
    SIMPLE SLOPES ANALYSIS
    
    Error in prettyNum(.Internal(format(x, trim, digits, nsmall, width, 3L, :
     invalid value 0 for 'digits' argument
    Calls: <Anonymous> ... print.sim_slopes -> format -> format.default -> prettyNum
    Execution halted
Flavors: r-devel-linux-x86_64-fedora-clang, r-devel-linux-x86_64-fedora-gcc, r-devel-windows-x86_64, r-devel-windows-x86_64-gcc10-UCRT

Version: 1.1.3
Check: re-building of vignette outputs
Result: WARN
    Error(s) in re-building vignettes:
    --- re-building ‘categorical.Rmd’ using rmarkdown
    --- finished re-building ‘categorical.Rmd’
    
    --- re-building ‘interactions.Rmd’ using rmarkdown
    `geom_smooth()` using formula 'y ~ x'
    `geom_smooth()` using formula 'y ~ x'
    `geom_smooth()` using formula 'y ~ x'
    Quitting from lines 372-373 (interactions.Rmd)
    Error: processing vignette 'interactions.Rmd' failed with diagnostics:
    invalid value 0 for 'digits' argument
    --- failed re-building ‘interactions.Rmd’
    
    SUMMARY: processing the following file failed:
     ‘interactions.Rmd’
    
    Error: Vignette re-building failed.
    Execution halted
Flavors: r-devel-linux-x86_64-fedora-clang, r-devel-linux-x86_64-fedora-gcc, r-devel-windows-x86_64

Version: 1.1.3
Check: package dependencies
Result: NOTE
    Package suggested but not available for checking: 'vdiffr'
Flavor: r-devel-windows-x86_64-gcc10-UCRT

Version: 1.1.3
Check: tests
Result: ERROR
     Running 'testthat.R'
    Running the tests in 'tests/testthat.R' failed.
    Complete output:
     > library(testthat)
     > library(vdiffr)
     Error in library(vdiffr) : there is no package called 'vdiffr'
     Execution halted
Flavor: r-devel-windows-x86_64-gcc10-UCRT