Last updated on 2022-05-24 00:51:43 CEST.
Flavor | Version | Tinstall | Tcheck | Ttotal | Status | Flags |
---|---|---|---|---|---|---|
r-devel-linux-x86_64-debian-clang | 1.1.5 | 11.31 | 290.18 | 301.49 | OK | |
r-devel-linux-x86_64-debian-gcc | 1.1.5 | 8.27 | 208.00 | 216.27 | OK | |
r-devel-linux-x86_64-fedora-clang | 1.1.5 | 333.98 | NOTE | |||
r-devel-linux-x86_64-fedora-gcc | 1.1.5 | 346.13 | OK | |||
r-devel-windows-x86_64 | 1.1.5 | 51.00 | 307.00 | 358.00 | OK | |
r-patched-linux-x86_64 | 1.1.5 | 15.79 | 269.74 | 285.53 | OK | |
r-release-linux-x86_64 | 1.1.5 | OK | ||||
r-release-macos-arm64 | 1.1.5 | 95.00 | OK | |||
r-release-macos-x86_64 | 1.1.5 | 173.00 | OK | |||
r-release-windows-x86_64 | 1.1.5 | 70.00 | 310.00 | 380.00 | OK | |
r-oldrel-macos-arm64 | 1.1.5 | 139.00 | OK | |||
r-oldrel-macos-x86_64 | 1.1.5 | 120.00 | OK | |||
r-oldrel-windows-ix86+x86_64 | 1.1.5 | 21.00 | 301.00 | 322.00 | OK |
Version: 1.1.5
Check: Rd cross-references
Result: NOTE
Undeclared packages ‘quantreg’, ‘effects’, ‘Hmisc’, ‘rockchalk’, ‘pequod’ in Rd xrefs
Flavor: r-devel-linux-x86_64-fedora-clang