CRAN Package Check Results for Package integr

Last updated on 2020-06-01 06:48:27 CEST.

Flavor Version Tinstall Tcheck Ttotal Status Flags
r-devel-linux-x86_64-debian-clang 1.0.0 7.64 90.13 97.77 OK
r-devel-linux-x86_64-debian-gcc 1.0.0 6.57 68.50 75.07 OK
r-devel-linux-x86_64-fedora-clang 1.0.0 104.44 OK
r-devel-linux-x86_64-fedora-gcc 1.0.0 91.57 OK
r-devel-windows-ix86+x86_64 1.0.0 25.00 112.00 137.00 OK
r-patched-linux-x86_64 1.0.0 6.72 74.63 81.35 OK
r-release-linux-x86_64 1.0.0 7.94 89.84 97.78 OK
r-release-osx-x86_64 1.0.0 OK
r-release-windows-ix86+x86_64 1.0.0 18.00 180.00 198.00 OK
r-oldrel-osx-x86_64 1.0.0 WARN
r-oldrel-windows-ix86+x86_64 1.0.0 16.00 90.00 106.00 OK

Check Details

Version: 1.0.0
Check: re-building of vignette outputs
Result: WARN
    Error(s) in re-building vignettes:
    --- re-building ‘IntGraphTutorial.Rmd’ using rmarkdown
    Warning in engine$weave(file, quiet = quiet, encoding = enc) :
     Pandoc (>= 1.12.3) and/or pandoc-citeproc not available. Falling back to R Markdown v1.
    Loading required package: dplyr
    
    Attaching package: 'dplyr'
    
    The following objects are masked from 'package:stats':
    
     filter, lag
    
    The following objects are masked from 'package:base':
    
     intersect, setdiff, setequal, union
    
    Loading required package: DiagrammeR
    Loading required package: DiagrammeRsvg
    Loading required package: rsvg
    Loading required package: gtools
    PhantomJS not found. You can install it with webshot::install_phantomjs(). If it is installed, please make sure the phantomjs executable can be found via the PATH variable.
    Warning in normalizePath(f2) :
     path[1]="webshot15a63ac4ea79.png": No such file or directory
    Warning in file(con, "rb") :
     cannot open file 'webshot15a63ac4ea79.png': No such file or directory
    Quitting from lines 32-34 (IntGraphTutorial.Rmd)
    Error: processing vignette 'IntGraphTutorial.Rmd' failed with diagnostics:
    cannot open the connection
    --- failed re-building ‘IntGraphTutorial.Rmd’
    
    SUMMARY: processing the following file failed:
     ‘IntGraphTutorial.Rmd’
    
    Error: Vignette re-building failed.
    Execution halted
Flavor: r-oldrel-osx-x86_64