CRAN Package Check Results for Package intccr

Last updated on 2022-08-13 00:51:01 CEST.

Flavor Version Tinstall Tcheck Ttotal Status Flags
r-devel-linux-x86_64-debian-clang 3.0.4 9.62 55.68 65.30 OK
r-devel-linux-x86_64-debian-gcc 3.0.4 4.72 41.43 46.15 OK
r-devel-linux-x86_64-fedora-clang 3.0.4 83.83 NOTE
r-devel-linux-x86_64-fedora-gcc 3.0.4 83.24 NOTE
r-devel-windows-x86_64 3.0.4 22.00 73.00 95.00 OK
r-patched-linux-x86_64 3.0.4 7.77 45.23 53.00 OK
r-release-linux-x86_64 3.0.4 7.10 41.98 49.08 OK
r-release-macos-arm64 3.0.4 27.00 NOTE
r-release-macos-x86_64 3.0.4 36.00 NOTE
r-release-windows-x86_64 3.0.4 26.00 78.00 104.00 OK
r-oldrel-macos-arm64 3.0.4 22.00 NOTE
r-oldrel-macos-x86_64 3.0.4 34.00 NOTE
r-oldrel-windows-ix86+x86_64 3.0.4 15.00 73.00 88.00 OK

Check Details

Version: 3.0.4
Check: dependencies in R code
Result: NOTE
    Namespace in Imports field not imported from: ‘splines2’
     All declared Imports should be used.
Flavors: r-devel-linux-x86_64-fedora-clang, r-devel-linux-x86_64-fedora-gcc, r-release-macos-arm64, r-release-macos-x86_64, r-oldrel-macos-arm64, r-oldrel-macos-x86_64