Last updated on 2022-05-23 18:50:33 CEST.
Flavor | Version | Tinstall | Tcheck | Ttotal | Status | Flags |
---|---|---|---|---|---|---|
r-devel-linux-x86_64-debian-clang | 0.23.2 | 6.04 | 59.41 | 65.45 | OK | |
r-devel-linux-x86_64-debian-gcc | 0.23.2 | 4.40 | 44.64 | 49.04 | OK | |
r-devel-linux-x86_64-fedora-clang | 0.23.2 | 74.02 | OK | |||
r-devel-linux-x86_64-fedora-gcc | 0.23.2 | 83.95 | NOTE | |||
r-devel-windows-x86_64 | 0.23.2 | 73.00 | 84.00 | 157.00 | OK | |
r-patched-linux-x86_64 | 0.23.2 | 5.27 | 57.13 | 62.40 | OK | |
r-release-linux-x86_64 | 0.23.2 | OK | ||||
r-release-macos-arm64 | 0.23.2 | 32.00 | OK | |||
r-release-macos-x86_64 | 0.23.2 | 41.00 | OK | |||
r-release-windows-x86_64 | 0.23.2 | 47.00 | 82.00 | 129.00 | OK | |
r-oldrel-macos-arm64 | 0.23.2 | 33.00 | OK | |||
r-oldrel-macos-x86_64 | 0.23.2 | 60.00 | OK | |||
r-oldrel-windows-ix86+x86_64 | 0.23.2 | 10.00 | 74.00 | 84.00 | OK |
Version: 0.23.2
Check: for non-standard things in the check directory
Result: NOTE
Found the following files/directories:
‘pkgbuild’
Flavor: r-devel-linux-x86_64-fedora-gcc