CRAN Package Check Results for Package inlinedocs

Last updated on 2020-10-21 13:49:56 CEST.

Flavor Version Tinstall Tcheck Ttotal Status Flags
r-devel-linux-x86_64-debian-clang 2019.12.5 5.62 31.84 37.46 OK
r-devel-linux-x86_64-debian-gcc 2019.12.5 4.41 25.36 29.77 OK
r-devel-linux-x86_64-fedora-clang 2019.12.5 53.86 NOTE
r-devel-linux-x86_64-fedora-gcc 2019.12.5 46.43 OK
r-devel-windows-ix86+x86_64 2019.12.5 9.00 55.00 64.00 OK
r-patched-linux-x86_64 2019.12.5 5.32 30.68 36.00 OK
r-patched-solaris-x86 2019.12.5 61.80 OK
r-release-linux-x86_64 2019.12.5 6.23 30.58 36.81 OK
r-release-macos-x86_64 2019.12.5 OK
r-release-windows-ix86+x86_64 2019.12.5 8.00 45.00 53.00 OK
r-oldrel-macos-x86_64 2019.12.5 OK
r-oldrel-windows-ix86+x86_64 2019.12.5 8.00 50.00 58.00 OK

Check Details

Version: 2019.12.5
Check: Rd cross-references
Result: NOTE
    Undeclared package ‘R.methodsS3’ in Rd xrefs
Flavor: r-devel-linux-x86_64-fedora-clang