CRAN Package Check Results for Package infoDecompuTE

Last updated on 2022-08-14 13:51:03 CEST.

Flavor Version Tinstall Tcheck Ttotal Status Flags
r-devel-linux-x86_64-debian-clang 0.6.2 3.34 36.92 40.26 NOTE
r-devel-linux-x86_64-debian-gcc 0.6.2 3.11 28.26 31.37 NOTE
r-devel-linux-x86_64-fedora-clang 0.6.2 60.29 NOTE
r-devel-linux-x86_64-fedora-gcc 0.6.2 58.03 NOTE
r-devel-windows-x86_64 0.6.2 38.00 60.00 98.00 NOTE
r-patched-linux-x86_64 0.6.2 6.05 35.59 41.64 OK
r-release-linux-x86_64 0.6.2 4.01 33.30 37.31 OK
r-release-macos-arm64 0.6.2 19.00 OK
r-release-macos-x86_64 0.6.2 28.00 OK
r-release-windows-x86_64 0.6.2 38.00 64.00 102.00 OK
r-oldrel-macos-arm64 0.6.2 21.00 OK
r-oldrel-macos-x86_64 0.6.2 36.00 OK
r-oldrel-windows-ix86+x86_64 0.6.2 9.00 52.00 61.00 OK

Check Details

Version: 0.6.2
Check: package subdirectories
Result: NOTE
    Problems with news in 'NEWS.md':
    No news entries found.
Flavors: r-devel-linux-x86_64-debian-clang, r-devel-linux-x86_64-debian-gcc, r-devel-linux-x86_64-fedora-clang, r-devel-linux-x86_64-fedora-gcc, r-devel-windows-x86_64