CRAN Package Check Results for Package infinitefactor

Last updated on 2021-12-04 22:59:36 CET.

Flavor Version Tinstall Tcheck Ttotal Status Flags
r-devel-linux-x86_64-debian-clang 1.0 57.82 84.79 142.61 OK
r-devel-linux-x86_64-debian-gcc 1.0 45.10 63.57 108.67 OK
r-devel-linux-x86_64-fedora-clang 1.0 192.25 OK
r-devel-linux-x86_64-fedora-gcc 1.0 172.94 OK
r-devel-windows-x86_64-new-UL 1.0 82.00 141.00 223.00 OK
r-devel-windows-x86_64-new-TK 1.0 OK
r-devel-windows-x86_64-old 1.0 77.00 82.00 159.00 OK
r-patched-linux-x86_64 1.0 53.96 69.94 123.90 OK
r-release-linux-x86_64 1.0 51.90 69.68 121.58 OK
r-release-macos-arm64 1.0 NOTE
r-release-macos-x86_64 1.0 NOTE
r-release-windows-ix86+x86_64 1.0 149.00 152.00 301.00 OK
r-oldrel-macos-x86_64 1.0 NOTE
r-oldrel-windows-ix86+x86_64 1.0 149.00 151.00 300.00 OK

Check Details

Version: 1.0
Check: installed package size
Result: NOTE
     installed size is 6.0Mb
     sub-directories of 1Mb or more:
     libs 5.8Mb
Flavors: r-release-macos-arm64, r-release-macos-x86_64, r-oldrel-macos-x86_64