CRAN Package Check Results for Package inferr

Last updated on 2020-08-12 22:48:22 CEST.

Flavor Version Tinstall Tcheck Ttotal Status Flags
r-devel-linux-x86_64-debian-clang 0.3.0 0.60 2.54 3.14 ERROR
r-devel-linux-x86_64-debian-gcc 0.3.0 23.19 52.89 76.08 OK
r-devel-linux-x86_64-fedora-clang 0.3.0 132.26 OK
r-devel-linux-x86_64-fedora-gcc 0.3.0 117.98 OK
r-devel-windows-ix86+x86_64 0.3.0 66.00 164.00 230.00 OK
r-patched-linux-x86_64 0.3.0 24.06 67.43 91.49 OK
r-patched-solaris-x86 0.3.0 140.50 OK
r-release-linux-x86_64 0.3.0 0.62 2.59 3.21 ERROR
r-release-macos-x86_64 0.3.0 OK
r-release-windows-ix86+x86_64 0.3.0 80.00 151.00 231.00 OK
r-oldrel-macos-x86_64 0.3.0 OK
r-oldrel-windows-ix86+x86_64 0.3.0 58.00 111.00 169.00 OK

Check Details

Version: 0.3.0
Check: package dependencies
Result: ERROR
    Package required but not available: 'tidyr'
    
    Package suggested but not available for checking: 'descriptr'
    
    See section 'The DESCRIPTION file' in the 'Writing R Extensions'
    manual.
Flavors: r-devel-linux-x86_64-debian-clang, r-release-linux-x86_64