CRAN Package Check Results for Package individual

Last updated on 2022-05-23 19:51:01 CEST.

Flavor Version Tinstall Tcheck Ttotal Status Flags
r-devel-linux-x86_64-debian-clang 0.1.7 122.44 58.09 180.53 OK
r-devel-linux-x86_64-debian-gcc 0.1.7 92.73 44.27 137.00 OK
r-devel-linux-x86_64-fedora-clang 0.1.7 264.92 NOTE
r-devel-linux-x86_64-fedora-gcc 0.1.7 239.40 OK
r-devel-windows-x86_64 0.1.7 121.00 115.00 236.00 OK
r-patched-linux-x86_64 0.1.7 88.13 56.10 144.23 OK
r-release-linux-x86_64 0.1.7 OK
r-release-macos-arm64 0.1.7 68.00 NOTE
r-release-macos-x86_64 0.1.7 119.00 NOTE
r-release-windows-x86_64 0.1.7 132.00 116.00 248.00 OK
r-oldrel-macos-arm64 0.1.7 71.00 NOTE
r-oldrel-macos-x86_64 0.1.7 89.00 NOTE
r-oldrel-windows-ix86+x86_64 0.1.7 289.00 118.00 407.00 OK

Check Details

Version: 0.1.7
Check: installed package size
Result: NOTE
     installed size is 8.5Mb
     sub-directories of 1Mb or more:
     libs 7.1Mb
Flavors: r-devel-linux-x86_64-fedora-clang, r-release-macos-arm64, r-release-macos-x86_64, r-oldrel-macos-arm64, r-oldrel-macos-x86_64