CRAN Package Check Results for Package inca

Last updated on 2022-12-02 05:00:07 CET.

Flavor Version Tinstall Tcheck Ttotal Status Flags
r-devel-linux-x86_64-debian-clang 0.0.4 51.94 70.76 122.70 OK
r-devel-linux-x86_64-debian-gcc 0.0.4 36.53 55.23 91.76 OK
r-devel-linux-x86_64-fedora-clang 0.0.4 166.27 OK
r-devel-linux-x86_64-fedora-gcc 0.0.4 165.70 OK
r-devel-windows-x86_64 0.0.4 40.00 121.00 161.00 OK
r-patched-linux-x86_64 0.0.4 33.98 67.51 101.49 OK
r-release-linux-x86_64 0.0.4 38.25 59.55 97.80 OK
r-release-macos-arm64 0.0.4 43.00 OK
r-release-macos-x86_64 0.0.4 59.00 NOTE
r-release-windows-x86_64 0.0.4 47.00 122.00 169.00 OK
r-oldrel-macos-arm64 0.0.4 45.00 NOTE
r-oldrel-macos-x86_64 0.0.4 85.00 OK
r-oldrel-windows-ix86+x86_64 0.0.4 98.00 131.00 229.00 OK

Check Details

Version: 0.0.4
Check: installed package size
Result: NOTE
     installed size is 5.0Mb
     sub-directories of 1Mb or more:
     libs 4.9Mb
Flavors: r-release-macos-x86_64, r-oldrel-macos-arm64