CRAN Package Check Results for Package inca

Last updated on 2023-10-04 14:03:51 CEST.

Flavor Version Tinstall Tcheck Ttotal Status Flags
r-devel-linux-x86_64-debian-clang 0.0.4 43.30 69.80 113.10 NOTE
r-devel-linux-x86_64-debian-gcc 0.0.4 36.73 54.39 91.12 NOTE
r-devel-linux-x86_64-fedora-clang 0.0.4 147.28 NOTE
r-devel-linux-x86_64-fedora-gcc 0.0.4 153.74 NOTE
r-devel-windows-x86_64 0.0.4 34.00 94.00 128.00 NOTE
r-patched-linux-x86_64 0.0.4 38.86 69.30 108.16 NOTE
r-release-linux-x86_64 0.0.4 43.10 68.48 111.58 NOTE
r-release-macos-arm64 0.0.4 46.00 NOTE
r-release-macos-x86_64 0.0.4 78.00 NOTE
r-release-windows-x86_64 0.0.4 46.00 103.00 149.00 NOTE
r-oldrel-macos-arm64 0.0.4 45.00 NOTE
r-oldrel-macos-x86_64 0.0.4 59.00 NOTE
r-oldrel-windows-x86_64 0.0.4 40.00 104.00 144.00 OK

Check Details

Version: 0.0.4
Check: C++ specification
Result: NOTE
     Specified C++11: please drop specification unless essential
Flavors: r-devel-linux-x86_64-debian-clang, r-devel-linux-x86_64-debian-gcc, r-devel-linux-x86_64-fedora-clang, r-devel-linux-x86_64-fedora-gcc, r-devel-windows-x86_64, r-patched-linux-x86_64, r-release-linux-x86_64, r-release-macos-arm64, r-release-macos-x86_64, r-release-windows-x86_64

Version: 0.0.4
Check: installed package size
Result: NOTE
     installed size is 5.0Mb
     sub-directories of 1Mb or more:
     libs 4.9Mb
Flavors: r-release-macos-arm64, r-release-macos-x86_64, r-oldrel-macos-arm64, r-oldrel-macos-x86_64