Last updated on 2022-05-22 04:49:15 CEST.
Flavor | Version | Tinstall | Tcheck | Ttotal | Status | Flags |
---|---|---|---|---|---|---|
r-devel-linux-x86_64-debian-clang | 3.1.1 | 14.75 | 283.19 | 297.94 | OK | |
r-devel-linux-x86_64-debian-gcc | 3.1.1 | 11.30 | 206.18 | 217.48 | OK | |
r-devel-linux-x86_64-fedora-clang | 3.1.1 | 324.21 | NOTE | |||
r-devel-linux-x86_64-fedora-gcc | 3.1.1 | 333.67 | OK | |||
r-devel-windows-x86_64 | 3.1.1 | 273.00 | 353.00 | 626.00 | NOTE | |
r-patched-linux-x86_64 | 3.1.1 | 15.08 | 263.16 | 278.24 | OK | |
r-release-linux-x86_64 | 3.1.1 | 8.58 | 259.10 | 267.68 | OK | |
r-release-macos-arm64 | 3.1.1 | 96.00 | NOTE | |||
r-release-macos-x86_64 | 3.1.1 | 156.00 | NOTE | |||
r-release-windows-x86_64 | 3.1.1 | 248.00 | 352.00 | 600.00 | NOTE | |
r-oldrel-macos-arm64 | 3.1.1 | 73.00 | NOTE | |||
r-oldrel-macos-x86_64 | 3.1.1 | 125.00 | NOTE | |||
r-oldrel-windows-ix86+x86_64 | 3.1.1 | 29.00 | 368.00 | 397.00 | NOTE |
Version: 3.1.1
Check: installed package size
Result: NOTE
installed size is 10.2Mb
sub-directories of 1Mb or more:
doc 9.7Mb
Flavors: r-devel-linux-x86_64-fedora-clang, r-devel-windows-x86_64, r-release-macos-arm64, r-release-macos-x86_64, r-release-windows-x86_64, r-oldrel-macos-arm64, r-oldrel-macos-x86_64, r-oldrel-windows-ix86+x86_64
Version: 3.1.1
Check: Rd cross-references
Result: NOTE
Undeclared package ‘DT’ in Rd xrefs
Flavor: r-devel-linux-x86_64-fedora-clang