CRAN Package Check Results for Package imputeTS

Last updated on 2022-11-28 20:50:49 CET.

Flavor Version Tinstall Tcheck Ttotal Status Flags
r-devel-linux-x86_64-debian-clang 3.3 36.49 140.99 177.48 OK
r-devel-linux-x86_64-debian-gcc 3.3 30.42 143.45 173.87 OK
r-devel-linux-x86_64-fedora-clang 3.3 306.10 OK
r-devel-linux-x86_64-fedora-gcc 3.3 313.81 OK
r-devel-windows-x86_64 3.3 121.00 280.00 401.00 OK
r-patched-linux-x86_64 3.3 32.42 145.99 178.41 OK
r-release-linux-x86_64 3.3 34.75 190.21 224.96 OK
r-release-macos-arm64 3.3 85.00 OK
r-release-macos-x86_64 3.3 109.00 OK
r-release-windows-x86_64 3.3 63.00 266.00 329.00 OK
r-oldrel-macos-arm64 3.3 88.00 OK
r-oldrel-macos-x86_64 3.3 109.00 OK
r-oldrel-windows-ix86+x86_64 3.3 87.00 380.00 467.00 NOTE

Check Details

Version: 3.3
Check: installed package size
Result: NOTE
     installed size is 5.1Mb
     sub-directories of 1Mb or more:
     data 1.3Mb
     doc 1.1Mb
     libs 2.1Mb
Flavor: r-oldrel-windows-ix86+x86_64