CRAN Package Check Results for Package importinegi

Last updated on 2024-06-21 08:54:26 CEST.

Flavor Version Tinstall Tcheck Ttotal Status Flags
r-devel-linux-x86_64-debian-clang 1.2.1 2.59 34.31 36.90 OK
r-devel-linux-x86_64-debian-gcc 1.2.1 2.89 26.51 29.40 OK
r-devel-linux-x86_64-fedora-clang 1.2.1 51.34 NOTE
r-devel-linux-x86_64-fedora-gcc 1.2.1 59.33 NOTE
r-devel-windows-x86_64 1.2.1 4.00 48.00 52.00 OK
r-patched-linux-x86_64 1.2.1 2.40 32.60 35.00 OK
r-release-linux-x86_64 1.2.1 2.31 33.13 35.44 OK
r-release-macos-arm64 1.2.1 24.00 OK
r-release-macos-x86_64 1.2.1 36.00 OK
r-release-windows-x86_64 1.2.1 4.00 47.00 51.00 OK
r-oldrel-macos-arm64 1.2.1 25.00 OK
r-oldrel-macos-x86_64 1.2.1 44.00 OK
r-oldrel-windows-x86_64 1.2.1 6.00 49.00 55.00 OK

Check Details

Version: 1.2.1
Check: dependencies in R code
Result: NOTE Namespaces in Imports field not imported from: ‘data.table’ ‘dplyr’ ‘haven’ All declared Imports should be used. Flavors: r-devel-linux-x86_64-fedora-clang, r-devel-linux-x86_64-fedora-gcc