Last updated on 2023-03-20 12:51:12 CET.
Flavor | Version | Tinstall | Tcheck | Ttotal | Status | Flags |
---|---|---|---|---|---|---|
r-devel-linux-x86_64-debian-clang | 0.3.1 | NOTE | ||||
r-devel-linux-x86_64-debian-gcc | 0.3.1 | 2.02 | 18.76 | 20.78 | NOTE | |
r-devel-linux-x86_64-fedora-clang | 0.3.1 | 34.89 | NOTE | |||
r-devel-linux-x86_64-fedora-gcc | 0.3.1 | 31.77 | NOTE | |||
r-patched-linux-x86_64 | 0.3.1 | 2.83 | 24.96 | 27.79 | NOTE | |
r-release-linux-x86_64 | 0.3.1 | 1.68 | 23.39 | 25.07 | NOTE | |
r-release-macos-arm64 | 0.3.1 | 17.00 | NOTE | |||
r-release-macos-x86_64 | 0.3.1 | 20.00 | NOTE | |||
r-release-windows-x86_64 | 0.3.1 | 6.00 | 46.00 | 52.00 | NOTE | |
r-oldrel-macos-arm64 | 0.3.1 | 19.00 | NOTE | |||
r-oldrel-macos-x86_64 | 0.3.1 | 29.00 | NOTE | |||
r-oldrel-windows-ix86+x86_64 | 0.3.1 | 5.00 | 28.00 | 33.00 | NOTE |
Version: 0.3.1
Check: LazyData
Result: NOTE
'LazyData' is specified without a 'data' directory
Flavors: r-devel-linux-x86_64-debian-clang, r-devel-linux-x86_64-debian-gcc, r-devel-linux-x86_64-fedora-clang, r-devel-linux-x86_64-fedora-gcc, r-patched-linux-x86_64, r-release-linux-x86_64, r-release-macos-arm64, r-release-macos-x86_64, r-release-windows-x86_64, r-oldrel-macos-arm64, r-oldrel-macos-x86_64, r-oldrel-windows-ix86+x86_64