Last updated on 2023-05-30 21:58:44 CEST.
Flavor | Version | Tinstall | Tcheck | Ttotal | Status | Flags |
---|---|---|---|---|---|---|
r-devel-linux-x86_64-debian-clang | 0.4.1 | 29.85 | 65.19 | 95.04 | NOTE | |
r-devel-linux-x86_64-debian-gcc | 0.4.1 | 25.70 | 50.13 | 75.83 | NOTE | |
r-devel-linux-x86_64-fedora-clang | 0.4.1 | 132.27 | NOTE | |||
r-devel-linux-x86_64-fedora-gcc | 0.4.1 | 135.74 | NOTE | |||
r-devel-windows-x86_64 | 0.4.1 | 29.00 | 89.00 | 118.00 | NOTE | |
r-patched-linux-x86_64 | 0.4.1 | 24.86 | 61.31 | 86.17 | NOTE | |
r-release-linux-x86_64 | 0.4.1 | 19.53 | 61.23 | 80.76 | NOTE | |
r-release-macos-arm64 | 0.4.1 | 45.00 | NOTE | |||
r-release-macos-x86_64 | 0.4.1 | 65.00 | NOTE | |||
r-release-windows-x86_64 | 0.4.1 | 36.00 | 105.00 | 141.00 | NOTE | |
r-oldrel-macos-arm64 | 0.4.1 | 37.00 | NOTE | |||
r-oldrel-macos-x86_64 | 0.4.1 | 49.00 | NOTE | |||
r-oldrel-windows-x86_64 | 0.4.1 | 32.00 | 101.00 | 133.00 | NOTE |
Version: 0.4.1
Check: package dependencies
Result: NOTE
Package suggested but not available for checking: ‘accdata’
Flavors: r-devel-linux-x86_64-debian-clang, r-devel-linux-x86_64-debian-gcc, r-devel-linux-x86_64-fedora-clang, r-devel-linux-x86_64-fedora-gcc, r-devel-windows-x86_64, r-patched-linux-x86_64, r-release-linux-x86_64, r-release-macos-arm64, r-release-macos-x86_64, r-release-windows-x86_64, r-oldrel-macos-arm64, r-oldrel-macos-x86_64, r-oldrel-windows-x86_64