CRAN Package Check Results for Package immunarch

Last updated on 2023-06-06 20:09:46 CEST.

Flavor Version Tinstall Tcheck Ttotal Status Flags
r-devel-linux-x86_64-debian-clang 0.9.0 75.68 435.08 510.76 OK
r-devel-linux-x86_64-debian-gcc 0.9.0 64.13 330.77 394.90 OK
r-devel-linux-x86_64-fedora-clang 0.9.0 606.71 NOTE
r-devel-linux-x86_64-fedora-gcc 0.9.0 599.48 OK
r-devel-windows-x86_64 0.9.0 66.00 332.00 398.00 NOTE
r-patched-linux-x86_64 0.9.0 72.56 404.95 477.51 OK
r-release-linux-x86_64 0.9.0 75.13 397.12 472.25 OK
r-release-macos-arm64 0.9.0 192.00 NOTE
r-release-macos-x86_64 0.9.0 214.00 NOTE
r-release-windows-x86_64 0.9.0 80.00 441.00 521.00 NOTE
r-oldrel-macos-arm64 0.9.0 172.00 NOTE
r-oldrel-macos-x86_64 0.9.0 209.00 NOTE
r-oldrel-windows-x86_64 0.9.0 82.00 422.00 504.00 NOTE

Check Details

Version: 0.9.0
Check: package dependencies
Result: NOTE
    Imports includes 38 non-default packages.
    Importing from so many packages makes the package vulnerable to any of
    them becoming unavailable. Move as many as possible to Suggests and
    use conditionally.
Flavor: r-devel-linux-x86_64-fedora-clang

Version: 0.9.0
Check: installed package size
Result: NOTE
     installed size is 6.6Mb
     sub-directories of 1Mb or more:
     data 3.3Mb
     doc 1.6Mb
Flavors: r-devel-linux-x86_64-fedora-clang, r-devel-windows-x86_64, r-release-macos-arm64, r-release-macos-x86_64, r-release-windows-x86_64, r-oldrel-macos-arm64, r-oldrel-macos-x86_64, r-oldrel-windows-x86_64