Last updated on 2021-01-24 08:49:34 CET.
Flavor | Version | Tinstall | Tcheck | Ttotal | Status | Flags |
---|---|---|---|---|---|---|
r-devel-linux-x86_64-debian-clang | 1.1-35 | 107.20 | 77.24 | 184.44 | OK | |
r-devel-linux-x86_64-debian-gcc | 1.1-35 | 72.25 | 60.01 | 132.26 | OK | |
r-devel-linux-x86_64-fedora-clang | 1.1-35 | 255.60 | NOTE | |||
r-devel-linux-x86_64-fedora-gcc | 1.1-35 | 230.73 | OK | |||
r-devel-windows-ix86+x86_64 | 1.1-35 | 244.00 | 108.00 | 352.00 | OK | |
r-patched-linux-x86_64 | 1.1-35 | 83.30 | 71.62 | 154.92 | OK | |
r-patched-solaris-x86 | 1.1-35 | 227.30 | OK | |||
r-release-linux-x86_64 | 1.1-35 | 81.41 | 73.38 | 154.79 | OK | |
r-release-macos-x86_64 | 1.1-35 | NOTE | ||||
r-release-windows-ix86+x86_64 | 1.1-35 | 238.00 | 135.00 | 373.00 | OK | |
r-oldrel-macos-x86_64 | 1.1-35 | OK | ||||
r-oldrel-windows-ix86+x86_64 | 1.1-35 | 195.00 | 130.00 | 325.00 | OK |
Version: 1.1-35
Check: installed package size
Result: NOTE
installed size is 6.5Mb
sub-directories of 1Mb or more:
libs 5.7Mb
Flavors: r-devel-linux-x86_64-fedora-clang, r-release-macos-x86_64
Version: 1.1-35
Check: Rd cross-references
Result: NOTE
Undeclared package ‘mirt’ in Rd xrefs
Flavor: r-devel-linux-x86_64-fedora-clang