CRAN Package Check Results for Package imgw

Last updated on 2019-09-22 19:51:22 CEST.

Flavor Version Tinstall Tcheck Ttotal Status Flags
r-devel-linux-x86_64-debian-clang 0.2.0 4.35 35.23 39.58 WARN
r-devel-linux-x86_64-debian-gcc 0.2.0 3.66 34.28 37.94 OK
r-devel-linux-x86_64-fedora-clang 0.2.0 55.69 OK
r-devel-linux-x86_64-fedora-gcc 0.2.0 54.69 OK
r-devel-windows-ix86+x86_64 0.2.0 10.00 65.00 75.00 OK
r-patched-linux-x86_64 0.2.0 3.01 41.56 44.57 OK
r-patched-solaris-x86 0.2.0 80.50 WARN
r-release-linux-x86_64 0.2.0 4.14 41.98 46.12 OK
r-release-windows-ix86+x86_64 0.2.0 12.00 80.00 92.00 OK
r-release-osx-x86_64 0.2.0 WARN
r-oldrel-windows-ix86+x86_64 0.2.0 4.00 63.00 67.00 OK
r-oldrel-osx-x86_64 0.2.0 WARN

Check Details

Version: 0.2.0
Check: re-building of vignette outputs
Result: WARN
    Error(s) in re-building vignettes:
     ...
    --- re-building 'getstarted.Rmd' using rmarkdown
    trying URL 'https://dane.imgw.pl/data/dane_pomiarowo_obserwacyjne/dane_hydrologiczne/miesieczne/2001/mies_2001.zip'
    Content type 'application/zip' length 254395 bytes (248 KB)
    ==================================================
    downloaded 248 KB
    
    Quitting from lines 87-89 (getstarted.Rmd)
    Error: processing vignette 'getstarted.Rmd' failed with diagnostics:
    'names' attribute [10] must be the same length as the vector [2]
    --- failed re-building 'getstarted.Rmd'
    
    SUMMARY: processing the following file failed:
     'getstarted.Rmd'
    
    Error: Vignette re-building failed.
    Execution halted
Flavor: r-devel-linux-x86_64-debian-clang

Version: 0.2.0
Check: re-building of vignette outputs
Result: WARN
    Error(s) in re-building vignettes:
     ...
    --- re-building ‘getstarted.Rmd’ using rmarkdown
    Warning in engine$weave(file, quiet = quiet, encoding = enc) :
     Pandoc (>= 1.12.3) and/or pandoc-citeproc not available. Falling back to R Markdown v1.
    trying URL 'https://dane.imgw.pl/data/dane_pomiarowo_obserwacyjne/dane_hydrologiczne/miesieczne/2001/mies_2001.zip'
    Content type 'application/zip' length 254395 bytes (248 KB)
    ==================================================
    downloaded 248 KB
    
    trying URL 'https://dane.imgw.pl/data/dane_pomiarowo_obserwacyjne/dane_hydrologiczne/miesieczne/2002/mies_2002.zip'
    Content type 'application/zip' length 256701 bytes (250 KB)
    ==================================================
    downloaded 250 KB
    
    trying URL 'https://dane.imgw.pl/data/dane_pomiarowo_obserwacyjne/dane_hydrologiczne/miesieczne/2003/mies_2003.zip'
    Content type 'application/zip' length 251684 bytes (245 KB)
    ==================================================
    downloaded 245 KB
    
    trying URL 'https://dane.imgw.pl/data/dane_pomiarowo_obserwacyjne/dane_hydrologiczne/miesieczne/2004/mies_2004.zip'
    Content type 'application/zip' length 253012 bytes (247 KB)
    ==================================================
    downloaded 247 KB
    
    trying URL 'https://dane.imgw.pl/data/dane_pomiarowo_obserwacyjne/dane_hydrologiczne/miesieczne/2005/mies_2005.zip'
    Content type 'application/zip' length 258990 bytes (252 KB)
    ==================================================
    downloaded 252 KB
    
    trying URL 'https://dane.imgw.pl/data/dane_pomiarowo_obserwacyjne/dane_hydrologiczne/miesieczne/2006/mies_2006.zip'
    Content type 'application/zip' length 232205 bytes (226 KB)
    ==================================================
    downloaded 226 KB
    
    trying URL 'https://dane.imgw.pl/data/dane_pomiarowo_obserwacyjne/dane_hydrologiczne/miesieczne/2007/mies_2007.zip'
    Content type 'application/zip' length 236278 bytes (230 KB)
    ==================================================
    downloaded 230 KB
    
    trying URL 'https://dane.imgw.pl/data/dane_pomiarowo_obserwacyjne/dane_hydrologiczne/miesieczne/2008/mies_2008.zip'
    Content type 'application/zip' length 238100 bytes (232 KB)
    ==================================================
    downloaded 232 KB
    
    trying URL 'https://dane.imgw.pl/data/dane_pomiarowo_obserwacyjne/dane_hydrologiczne/miesieczne/2009/mies_2009.zip'
    Content type 'application/zip' length 273007 bytes (266 KB)
    ==================================================
    downloaded 266 KB
    
    trying URL 'https://dane.imgw.pl/data/dane_pomiarowo_obserwacyjne/dane_hydrologiczne/miesieczne/2010/mies_2010.zip'
    Content type 'application/zip' length 280458 bytes (273 KB)
    ==================================================
    downloaded 273 KB
    
    Quitting from lines 87-89 (getstarted.Rmd)
    Error: processing vignette 'getstarted.Rmd' failed with diagnostics:
    argument 3 is not a vector
    --- failed re-building ‘getstarted.Rmd’
    
    SUMMARY: processing the following file failed:
     ‘getstarted.Rmd’
    
    Error: Vignette re-building failed.
    Execution halted
Flavor: r-patched-solaris-x86

Version: 0.2.0
Check: re-building of vignette outputs
Result: WARN
    Error(s) in re-building vignettes:
     ...
    --- re-building ‘getstarted.Rmd’ using rmarkdown
    Warning in engine$weave(file, quiet = quiet, encoding = enc) :
     Pandoc (>= 1.12.3) and/or pandoc-citeproc not available. Falling back to R Markdown v1.
    Quitting from lines 87-89 (getstarted.Rmd)
    Error: processing vignette 'getstarted.Rmd' failed with diagnostics:
    cannot open the connection to 'https://dane.imgw.pl/data/dane_pomiarowo_obserwacyjne/dane_hydrologiczne/miesieczne/mies_info.txt'
    --- failed re-building ‘getstarted.Rmd’
    
    SUMMARY: processing the following file failed:
     ‘getstarted.Rmd’
    
    Error: Vignette re-building failed.
    Execution halted
Flavor: r-release-osx-x86_64

Version: 0.2.0
Check: re-building of vignette outputs
Result: WARN
    Error in re-building vignettes:
     ...
    Warning in engine$weave(file, quiet = quiet, encoding = enc) :
     Pandoc (>= 1.12.3) and/or pandoc-citeproc not available. Falling back to R Markdown v1.
    Quitting from lines 87-89 (getstarted.Rmd)
    Error: processing vignette 'getstarted.Rmd' failed with diagnostics:
    cannot open the connection to 'https://dane.imgw.pl/data/dane_pomiarowo_obserwacyjne/dane_hydrologiczne/miesieczne/mies_info.txt'
    Execution halted
Flavor: r-oldrel-osx-x86_64