CRAN Package Check Results for Package imgrec

Last updated on 2020-01-25 06:51:12 CET.

Flavor Version Tinstall Tcheck Ttotal Status Flags
r-devel-linux-x86_64-debian-clang 0.1.0 4.13 35.90 40.03 OK
r-devel-linux-x86_64-debian-gcc 0.1.0 3.93 28.18 32.11 OK
r-devel-linux-x86_64-fedora-clang 0.1.0 55.17 NOTE
r-devel-linux-x86_64-fedora-gcc 0.1.0 53.18 NOTE
r-devel-windows-ix86+x86_64 0.1.0 12.00 67.00 79.00 OK
r-devel-windows-ix86+x86_64-gcc8 0.1.0 20.00 52.00 72.00 OK
r-patched-linux-x86_64 0.1.0 4.19 32.74 36.93 OK
r-patched-solaris-x86 0.1.0 69.20 NOTE
r-release-linux-x86_64 0.1.0 4.00 32.99 36.99 OK
r-release-windows-ix86+x86_64 0.1.0 9.00 54.00 63.00 OK
r-release-osx-x86_64 0.1.0 NOTE
r-oldrel-windows-ix86+x86_64 0.1.0 5.00 46.00 51.00 OK
r-oldrel-osx-x86_64 0.1.0 NOTE

Check Details

Version: 0.1.0
Check: dependencies in R code
Result: NOTE
    Namespace in Imports field not imported from: ‘knitr’
     All declared Imports should be used.
Flavors: r-devel-linux-x86_64-fedora-clang, r-devel-linux-x86_64-fedora-gcc, r-patched-solaris-x86, r-release-osx-x86_64, r-oldrel-osx-x86_64