CRAN Package Check Results for Package imageviewer

Last updated on 2022-05-17 01:50:50 CEST.

Flavor Version Tinstall Tcheck Ttotal Status Flags
r-devel-linux-x86_64-debian-clang 0.1.0 2.75 36.46 39.21 NOTE
r-devel-linux-x86_64-debian-gcc 0.1.0 2.23 28.62 30.85 NOTE
r-devel-linux-x86_64-fedora-clang 0.1.0 48.68 NOTE
r-devel-linux-x86_64-fedora-gcc 0.1.0 47.21 NOTE
r-devel-windows-x86_64 0.1.0 17.00 52.00 69.00 NOTE
r-patched-linux-x86_64 0.1.0 2.36 35.28 37.64 NOTE
r-release-linux-x86_64 0.1.0 2.83 34.88 37.71 NOTE
r-release-macos-arm64 0.1.0 16.00 NOTE
r-release-macos-x86_64 0.1.0 23.00 NOTE
r-release-windows-x86_64 0.1.0 32.00 53.00 85.00 NOTE
r-oldrel-macos-arm64 0.1.0 21.00 NOTE
r-oldrel-macos-x86_64 0.1.0 29.00 NOTE
r-oldrel-windows-ix86+x86_64 0.1.0 9.00 52.00 61.00 NOTE

Check Details

Version: 0.1.0
Check: LazyData
Result: NOTE
     'LazyData' is specified without a 'data' directory
Flavors: r-devel-linux-x86_64-debian-clang, r-devel-linux-x86_64-debian-gcc, r-devel-linux-x86_64-fedora-clang, r-devel-linux-x86_64-fedora-gcc, r-devel-windows-x86_64, r-patched-linux-x86_64, r-release-linux-x86_64, r-release-macos-arm64, r-release-macos-x86_64, r-release-windows-x86_64, r-oldrel-macos-arm64, r-oldrel-macos-x86_64, r-oldrel-windows-ix86+x86_64