Last updated on 2023-01-28 01:50:12 CET.
Flavor | Version | Tinstall | Tcheck | Ttotal | Status | Flags |
---|---|---|---|---|---|---|
r-devel-linux-x86_64-debian-clang | 0.42.16 | 608.52 | 168.26 | 776.78 | OK | |
r-devel-linux-x86_64-debian-gcc | 0.42.16 | 650.11 | 162.08 | 812.19 | NOTE | |
r-devel-linux-x86_64-fedora-clang | 0.42.16 | 1114.06 | NOTE | |||
r-devel-linux-x86_64-fedora-gcc | 0.42.16 | 1381.34 | NOTE | |||
r-devel-windows-x86_64 | 0.42.16 | 573.00 | 333.00 | 906.00 | NOTE | |
r-patched-linux-x86_64 | 0.42.16 | 650.63 | 192.46 | 843.09 | OK | |
r-release-linux-x86_64 | 0.42.16 | 642.77 | 153.34 | 796.11 | OK | |
r-release-macos-arm64 | 0.42.16 | 200.00 | NOTE | |||
r-release-macos-x86_64 | 0.42.16 | 249.00 | NOTE | |||
r-release-windows-x86_64 | 0.42.16 | 490.00 | 332.00 | 822.00 | NOTE | |
r-oldrel-macos-arm64 | 0.42.16 | 197.00 | NOTE | |||
r-oldrel-macos-x86_64 | 0.42.16 | 248.00 | NOTE | |||
r-oldrel-windows-ix86+x86_64 | 0.42.16 | 1407.00 | 382.00 | 1789.00 | NOTE |
Version: 0.42.16
Check: C++ specification
Result: NOTE
Specified C++11: please update to current default of C++17
Flavors: r-devel-linux-x86_64-debian-gcc, r-devel-linux-x86_64-fedora-gcc
Version: 0.42.16
Check: installed package size
Result: NOTE
installed size is 14.2Mb
sub-directories of 1Mb or more:
data 1.4Mb
doc 4.4Mb
extdata 1.1Mb
include 3.0Mb
libs 3.6Mb
Flavors: r-devel-linux-x86_64-fedora-clang, r-devel-windows-x86_64, r-release-macos-arm64, r-release-macos-x86_64, r-release-windows-x86_64, r-oldrel-macos-arm64, r-oldrel-macos-x86_64, r-oldrel-windows-ix86+x86_64