CRAN Package Check Results for Package image.LineSegmentDetector

Last updated on 2024-07-12 10:55:04 CEST.

Flavor Version Tinstall Tcheck Ttotal Status Flags
r-devel-linux-x86_64-debian-clang 0.1.0 23.47 41.25 64.72 NOTE
r-devel-linux-x86_64-debian-gcc 0.1.0 15.42 31.09 46.51 NOTE
r-devel-linux-x86_64-fedora-clang 0.1.0 88.87 NOTE
r-devel-linux-x86_64-fedora-gcc 0.1.0 83.41 NOTE
r-devel-windows-x86_64 0.1.0 22.00 71.00 93.00 NOTE
r-patched-linux-x86_64 0.1.0 15.41 38.28 53.69 NOTE
r-release-linux-x86_64 0.1.0 19.19 38.75 57.94 NOTE
r-release-macos-arm64 0.1.0 25.00 NOTE
r-release-macos-x86_64 0.1.0 40.00 NOTE
r-release-windows-x86_64 0.1.0 22.00 74.00 96.00 NOTE
r-oldrel-macos-arm64 0.1.0 27.00 OK
r-oldrel-macos-x86_64 0.1.0 44.00 OK
r-oldrel-windows-x86_64 0.1.0 24.00 82.00 106.00 OK

Check Details

Version: 0.1.0
Check: Rd files
Result: NOTE checkRd: (-1) image_line_segment_detector.Rd:65: Lost braces in \itemize; \value handles \item{}{} directly checkRd: (-1) image_line_segment_detector.Rd:66-72: Lost braces in \itemize; \value handles \item{}{} directly checkRd: (-1) image_line_segment_detector.Rd:73-76: Lost braces in \itemize; \value handles \item{}{} directly Flavors: r-devel-linux-x86_64-debian-clang, r-devel-linux-x86_64-debian-gcc, r-devel-linux-x86_64-fedora-clang, r-devel-linux-x86_64-fedora-gcc, r-devel-windows-x86_64, r-patched-linux-x86_64, r-release-linux-x86_64, r-release-macos-arm64, r-release-macos-x86_64, r-release-windows-x86_64