Last updated on 2023-12-11 16:52:57 CET.
Flavor | Version | Tinstall | Tcheck | Ttotal | Status | Flags |
---|---|---|---|---|---|---|
r-devel-linux-x86_64-debian-clang | 0.1.0 | 17.84 | 40.22 | 58.06 | NOTE | |
r-devel-linux-x86_64-debian-gcc | 0.1.0 | 14.01 | 30.81 | 44.82 | NOTE | |
r-devel-linux-x86_64-fedora-clang | 0.1.0 | 84.85 | OK | |||
r-devel-linux-x86_64-fedora-gcc | 0.1.0 | 81.70 | OK | |||
r-devel-windows-x86_64 | 0.1.0 | 22.00 | 75.00 | 97.00 | OK | |
r-patched-linux-x86_64 | 0.1.0 | 21.35 | 39.30 | 60.65 | OK | |
r-release-linux-x86_64 | 0.1.0 | 19.42 | 39.47 | 58.89 | OK | |
r-release-macos-arm64 | 0.1.0 | 27.00 | OK | |||
r-release-macos-x86_64 | 0.1.0 | 44.00 | OK | |||
r-release-windows-x86_64 | 0.1.0 | 25.00 | 82.00 | 107.00 | OK | |
r-oldrel-macos-arm64 | 0.1.0 | 29.00 | OK | |||
r-oldrel-macos-x86_64 | 0.1.0 | 35.00 | OK | |||
r-oldrel-windows-x86_64 | 0.1.0 | 24.00 | 78.00 | 102.00 | OK |
Version: 0.1.0
Check: Rd files
Result: NOTE
checkRd: (-1) image_line_segment_detector.Rd:65: Lost braces in \itemize; \value handles \item{}{} directly
checkRd: (-1) image_line_segment_detector.Rd:66-72: Lost braces in \itemize; \value handles \item{}{} directly
checkRd: (-1) image_line_segment_detector.Rd:73-76: Lost braces in \itemize; \value handles \item{}{} directly
Flavors: r-devel-linux-x86_64-debian-clang, r-devel-linux-x86_64-debian-gcc