CRAN Package Check Results for Package imabc

Last updated on 2024-06-14 10:54:33 CEST.

Flavor Version Tinstall Tcheck Ttotal Status Flags
r-devel-linux-x86_64-debian-clang 1.0.0 6.64 48.07 54.71 NOTE
r-devel-linux-x86_64-debian-gcc 1.0.0 4.74 35.91 40.65 NOTE
r-devel-linux-x86_64-fedora-clang 1.0.0 69.74 NOTE
r-devel-linux-x86_64-fedora-gcc 1.0.0 65.05 NOTE
r-devel-windows-x86_64 1.0.0 6.00 58.00 64.00 NOTE
r-patched-linux-x86_64 1.0.0 7.35 47.24 54.59 NOTE
r-release-linux-x86_64 1.0.0 4.49 46.72 51.21 NOTE
r-release-macos-arm64 1.0.0 23.00 NOTE
r-release-macos-x86_64 1.0.0 35.00 NOTE
r-release-windows-x86_64 1.0.0 6.00 60.00 66.00 NOTE
r-oldrel-macos-arm64 1.0.0 24.00 OK
r-oldrel-macos-x86_64 1.0.0 34.00 OK
r-oldrel-windows-x86_64 1.0.0 9.00 63.00 72.00 OK

Check Details

Version: 1.0.0
Check: Rd files
Result: NOTE checkRd: (-1) define_target_function.Rd:41: Lost braces; missing escapes or markup? 41 | be done either as a single vector of values (e.g. `function(x) { ... }`), or individual inputs for each parameter | ^ checkRd: (-1) define_target_function.Rd:42: Lost braces; missing escapes or markup? 42 | (e.g. `function(x1, x2) { ... }`). If a single vector is used, all parameters will be passed to the target function as | ^ Flavors: r-devel-linux-x86_64-debian-clang, r-devel-linux-x86_64-debian-gcc, r-devel-linux-x86_64-fedora-clang, r-devel-linux-x86_64-fedora-gcc, r-devel-windows-x86_64, r-patched-linux-x86_64, r-release-linux-x86_64, r-release-macos-arm64, r-release-macos-x86_64, r-release-windows-x86_64