CRAN Package Check Results for Package ilc

Last updated on 2019-04-20 02:54:26 CEST.

Flavor Version Tinstall Tcheck Ttotal Status Flags
r-devel-linux-x86_64-debian-clang 1.0 13.95 121.68 135.63 NOTE
r-devel-linux-x86_64-debian-gcc 1.0 12.16 97.57 109.73 NOTE
r-devel-linux-x86_64-fedora-clang 1.0 164.01 NOTE
r-devel-linux-x86_64-fedora-gcc 1.0 158.10 NOTE
r-devel-windows-ix86+x86_64 1.0 45.00 198.00 243.00 NOTE
r-patched-linux-x86_64 1.0 12.57 119.09 131.66 NOTE
r-patched-solaris-x86 1.0 235.60 NOTE
r-release-linux-x86_64 1.0 10.01 116.04 126.05 NOTE
r-release-windows-ix86+x86_64 1.0 21.00 200.00 221.00 NOTE
r-release-osx-x86_64 1.0 NOTE
r-oldrel-windows-ix86+x86_64 1.0 29.00 210.00 239.00 NOTE
r-oldrel-osx-x86_64 1.0 WARN

Check Details

Version: 1.0
Check: R code for possible problems
Result: NOTE
    coord: no visible global function definition for 'par'
    cp: no visible global function definition for 'find'
    filled.gap: no visible global function definition for 'plot'
    filled.gap: no visible global function definition for 'polygon'
    filled.gap: no visible global function definition for 'matlines'
    fitted_plots: no visible global function definition for 'par'
    fitted_plots: no visible global function definition for 'matplot'
    fitted_plots: no visible global function definition for 'text'
    fitted_plots: no visible global function definition for 'title'
    fitted_plots: no visible global function definition for 'plot'
    fitted_plots: no visible global function definition for 'legend'
    flc.plot: no visible global function definition for 'par'
    flc.plot: no visible global function definition for 'plot'
    flc.plot: no visible global function definition for 'title'
    fle.plot: no visible global function definition for 'plot'
    fle.plot: no visible global function definition for 'lines'
    fle.plot: no visible global function definition for 'legend'
    fle.plot: no visible global function definition for 'title'
    fnd: no visible global function definition for 'find'
    matflc.plot: no visible global function definition for 'par'
    matflc.plot: no visible global function definition for 'matplot'
    matflc.plot: no visible global function definition for 'matlines'
    matflc.plot: no visible global function definition for 'points'
    matflc.plot: no visible global function definition for 'legend'
    matflc.plot: no visible global function definition for 'title'
    matfle.plot: no visible global function definition for 'matplot'
    matfle.plot: no visible global function definition for 'points'
    matfle.plot: no visible global function definition for 'matlines'
    matfle.plot: no visible global function definition for 'text'
    matfle.plot: no visible global function definition for 'legend'
    matfle.plot: no visible global function definition for 'title'
    plot.elca: no visible global function definition for 'par'
    plot.elca: no visible global function definition for 'layout'
    plot.elca: no visible global function definition for 'matplot'
    plot.elca: no visible global function definition for 'title'
    plot.elca: no visible global function definition for 'legend'
    plot.elca: no visible global function definition for 'text'
    plot.elca: no visible global function definition for 'plot'
    plot.rh: no visible global function definition for 'par'
    plot.rh: no visible global function definition for 'layout'
    plot.rh: no visible global function definition for 'plot'
    plot.rh: no visible global function definition for 'title'
    plot.rh1: no visible global function definition for 'par'
    plot.rh1: no visible global function definition for 'layout'
    plot.rh1: no visible global function definition for 'plot'
    plot.rh1: no visible global function definition for 'title'
    plot.rh6: no visible global function definition for 'par'
    plot.rh6: no visible global function definition for 'layout'
    plot.rh6: no visible global function definition for 'plot'
    plot.rh6: no visible global function definition for 'title'
    plot_coh_pars: no visible global function definition for 'par'
    plot_coh_pars: no visible global function definition for 'plot'
    plot_coh_pars: no visible global function definition for 'title'
    plot_dd: no visible global function definition for 'plot'
    plot_per_pars: no visible global function definition for 'par'
    plot_per_pars: no visible global function definition for 'plot'
    plot_per_pars: no visible global function definition for 'title'
    residual_plots: no visible global function definition for 'par'
    residual_plots: no visible global function definition for 'matplot'
    residual_plots: no visible global function definition for 'title'
    residual_plots: no visible global function definition for 'plot'
    Undefined global functions or variables:
     find layout legend lines matlines matplot par plot points polygon
     text title
    Consider adding
     importFrom("graphics", "layout", "legend", "lines", "matlines",
     "matplot", "par", "plot", "points", "polygon", "text",
     "title")
     importFrom("utils", "find")
    to your NAMESPACE file.
Flavors: r-devel-linux-x86_64-debian-clang, r-devel-linux-x86_64-debian-gcc, r-devel-linux-x86_64-fedora-clang, r-devel-linux-x86_64-fedora-gcc, r-devel-windows-ix86+x86_64, r-patched-linux-x86_64, r-patched-solaris-x86, r-release-linux-x86_64, r-release-windows-ix86+x86_64, r-release-osx-x86_64, r-oldrel-windows-ix86+x86_64, r-oldrel-osx-x86_64

Version: 1.0
Check: re-building of vignette outputs
Result: WARN
    Error in re-building vignettes:
     ...
    Error in texi2dvi(file = file, pdf = TRUE, clean = clean, quiet = quiet, :
     Running 'texi2dvi' on 'ilc.tex' failed.
    LaTeX errors:
    ! LaTeX Error: File `enumitem.sty' not found.
    
    Type X to quit or <RETURN> to proceed,
    or enter new name. (Default extension: sty)
    
    ! Emergency stop.
    <read *>
    
    l.9 \usepackage
     [utf8]{inputenc}^^M
    ! ==> Fatal error occurred, no output PDF file produced!
    Calls: buildVignettes -> texi2pdf -> texi2dvi
    Execution halted
Flavor: r-oldrel-osx-x86_64